{"id":8465,"date":"2026-04-25T13:03:57","date_gmt":"2026-04-25T13:03:57","guid":{"rendered":"https:\/\/anopri.com\/?post_type=product&#038;p=8465"},"modified":"2026-04-25T13:04:03","modified_gmt":"2026-04-25T13:04:03","slug":"cuisiniere-sterling-2000-04foyers","status":"publish","type":"product","link":"https:\/\/anopri.com\/?product=cuisiniere-sterling-2000-04foyers","title":{"rendered":"Cuisini\u00e8re STERLING 2000- 04Foyers"},"content":{"rendered":"<p>Description<br \/>\nCuisiner devient facile avec la cuisini\u00e8re STERLING 2000 ! Dot\u00e9 d&#8217;une performance exceptionnelle, cet appareil ajoute un plus au d\u00e9cor de votre cuisine gr\u00e2ce a son design bien pens\u00e9.<br \/>\nEn effet, l&#8217;allumage se fait de fa\u00e7on pratique tout en vous garantissant une s\u00e9curit\u00e9 optimale. Cuisiner sans pression gr\u00e2ce au four tr\u00e8s performant ! Les grands plats prennent du temps \u00e0 pr\u00e9parer, mais les choses vont plus vite avec son four \u00e9pur\u00e9 et pratique. Elle offre en effet beaucoup de souplesse et s&#8217;av\u00e8re \u00eatre un bon compromis pour ceux qui appr\u00e9cient les saveurs d&#8217;une cuisine plus \u00e9labor\u00e9 \u00e0 travers un contr\u00f4le parfait de la cuisson.<\/p>\n","protected":false},"excerpt":{"rendered":"<p>Description Cuisiner devient facile avec la cuisini\u00e8re STERLING 2000 ! Dot\u00e9 d&#8217;une performance exceptionnelle, cet appareil ajoute un plus au d\u00e9cor de votre cuisine gr\u00e2ce a son design bien pens\u00e9. En effet, l&#8217;allumage se fait de fa\u00e7on pratique tout en vous garantissant une s\u00e9curit\u00e9 optimale. Cuisiner sans pression gr\u00e2ce au four tr\u00e8s performant ! Les&#8230;<\/p>\n","protected":false},"featured_media":6540,"comment_status":"closed","ping_status":"closed","template":"","meta":{"_bst_post_transparent":"","_bst_post_title":"","_bst_post_layout":"","_bst_post_sidebar_id":"","_bst_post_content_style":"","_bst_post_vertical_padding":"","_bst_post_feature":"","_bst_post_feature_position":"","_bst_post_header":false,"_bst_post_footer":false},"product_brand":[],"product_cat":[151,150],"product_tag":[],"product_brands":[],"class_list":{"0":"post-8465","1":"product","2":"type-product","3":"status-publish","4":"has-post-thumbnail","6":"product_cat-cuisiniere","7":"product_cat-cuisiniere-et-plaque-a-gaz","9":"first","10":"instock","11":"purchasable","12":"product-type-simple","13":"entry","14":"content-bg","15":"loop-entry"},"_links":{"self":[{"href":"https:\/\/anopri.com\/index.php?rest_route=\/wp\/v2\/product\/8465","targetHints":{"allow":["GET"]}}],"collection":[{"href":"https:\/\/anopri.com\/index.php?rest_route=\/wp\/v2\/product"}],"about":[{"href":"https:\/\/anopri.com\/index.php?rest_route=\/wp\/v2\/types\/product"}],"replies":[{"embeddable":true,"href":"https:\/\/anopri.com\/index.php?rest_route=%2Fwp%2Fv2%2Fcomments&post=8465"}],"wp:featuredmedia":[{"embeddable":true,"href":"https:\/\/anopri.com\/index.php?rest_route=\/wp\/v2\/media\/6540"}],"wp:attachment":[{"href":"https:\/\/anopri.com\/index.php?rest_route=%2Fwp%2Fv2%2Fmedia&parent=8465"}],"wp:term":[{"taxonomy":"product_brand","embeddable":true,"href":"https:\/\/anopri.com\/index.php?rest_route=%2Fwp%2Fv2%2Fproduct_brand&post=8465"},{"taxonomy":"product_cat","embeddable":true,"href":"https:\/\/anopri.com\/index.php?rest_route=%2Fwp%2Fv2%2Fproduct_cat&post=8465"},{"taxonomy":"product_tag","embeddable":true,"href":"https:\/\/anopri.com\/index.php?rest_route=%2Fwp%2Fv2%2Fproduct_tag&post=8465"},{"taxonomy":"product_brands","embeddable":true,"href":"https:\/\/anopri.com\/index.php?rest_route=%2Fwp%2Fv2%2Fproduct_brands&post=8465"}],"curies":[{"name":"wp","href":"https:\/\/api.w.org\/{rel}","templated":true}]}}