{"id":8464,"date":"2026-04-25T13:03:57","date_gmt":"2026-04-25T13:03:57","guid":{"rendered":"https:\/\/anopri.com\/?post_type=product&#038;p=8464"},"modified":"2026-04-25T13:04:03","modified_gmt":"2026-04-25T13:04:03","slug":"tv-hisense-smart-32-pouces-ultra-hd","status":"publish","type":"product","link":"https:\/\/anopri.com\/?product=tv-hisense-smart-32-pouces-ultra-hd","title":{"rendered":"TV HISENSE SMART 32 Pouces &#8211; Ultra HD"},"content":{"rendered":"<p>Avec suffisamment de fonctionnalit\u00e9s pour satisfaire m\u00eame les consommateurs les plus avides de technologie, le t\u00e9l\u00e9viseur intelligent Hisense A4H est le package complet \u00e0 un prix qui ne cassera pas la banque. Dot\u00e9 de la technologie Natural Color Enhancer, il donne vie aux images, refl\u00e9tant les vraies couleurs de tout ce que vous regardez \u00e0 l&#8217;\u00e9cran. La technologie Clean View de Hisense analyse automatiquement les signaux d&#8217;entr\u00e9e et optimise les images pour les rendre les meilleures possibles. Les pixels individuels sont am\u00e9lior\u00e9s en temps r\u00e9el, offrant une qualit\u00e9 d&#8217;image plus nette et plus nette, peu importe ce que vous regardez. La technologie visuelle haut de gamme est associ\u00e9e \u00e0 un son de classe mondiale de DTS Virtual:X\u2122 qui cr\u00e9e une exp\u00e9rience audio immersive et multidimensionnelle. Avec le mode jeu et le mode sport, vous pouvez faire passer le divertissement au niveau sup\u00e9rieur et profiter d&#8217;une superbe qualit\u00e9 de visionnage.<\/p>\n","protected":false},"excerpt":{"rendered":"<ul>\n<li>\n<h3>Type de produit : TV smart<\/h3>\n<\/li>\n<li>\n<h3>Marque : Hisense<\/h3>\n<\/li>\n<li>\n<h3>Mod\u00e8le : 32A4K SMART<\/h3>\n<\/li>\n<li>\n<h3>Taille (en pouces) : 32<\/h3>\n<\/li>\n<li>\n<h3>Taille de la diagonale\u00a0 (en cm)\u00a0\u00a0 : 80cm<\/h3>\n<\/li>\n<li>\n<h3>R\u00e9solution: HD Ready<\/h3>\n<\/li>\n<li>\n<h3>Technologie d&#8217;affichage : Direct LED<\/h3>\n<\/li>\n<li>\n<h3>Fr\u00e9quence dalle: 50 Hz\/60 Hz<\/h3>\n<\/li>\n<li>\n<h3>Format de d\u00e9codage : VP9, HEVC (H.265), MPEG 4<\/h3>\n<\/li>\n<li>\n<h3>Mode d&#8217;affichage: Cin\u00e9ma, Sport, Jeu<\/h3>\n<\/li>\n<li>\n<h3>Connectivit\u00e9 : HDMI (2) ,USB (2)<\/h3>\n<\/li>\n<li>\n<h3>Sortie Audio Optique S\/PDIF<\/h3>\n<\/li>\n<li>\n<h3>Entr\u00e9e Audio (L\/R) :01<\/h3>\n<\/li>\n<li>\n<h3>Prise Casque: 01<\/h3>\n<\/li>\n<li>\n<h3>Lecteur Multim\u00e9dia:\u00a0 Oui (Vid\u00e9o\/Audio\/Photo)<\/h3>\n<\/li>\n<li>\n<h3>Wifi Int\u00e9gr\u00e9 : Oui<\/h3>\n<\/li>\n<li>\n<h3>Partage d\u2019\u00e9cran\u00a0\u00a0\u00a0 Oui (PC, Tablette, Mobile)<\/h3>\n<\/li>\n<li>\n<h3>Application pour Smartphone\u00a0\u00a0\u00a0 RemoteNow (Android &amp; iOS)<\/h3>\n<\/li>\n<li>\n<h3>Magasin d&#8217;applications\u00a0\u00a0\u00a0 Oui (Netflix, Youtube, Prime Video&#8230; etc)<\/h3>\n<\/li>\n<li>\n<h3>Acc\u00e8s direct sur la t\u00e9l\u00e9commande\u00a0\u00a0\u00a0 Netflix, Youtube, Prime Video, Rakuten TV<\/h3>\n<\/li>\n<\/ul>\n","protected":false},"featured_media":6536,"comment_status":"closed","ping_status":"closed","template":"","meta":{"_bst_post_transparent":"","_bst_post_title":"","_bst_post_layout":"","_bst_post_sidebar_id":"","_bst_post_content_style":"","_bst_post_vertical_padding":"","_bst_post_feature":"","_bst_post_feature_position":"","_bst_post_header":false,"_bst_post_footer":false},"product_brand":[],"product_cat":[143,144],"product_tag":[],"product_brands":[],"class_list":{"0":"post-8464","1":"product","2":"type-product","3":"status-publish","4":"has-post-thumbnail","6":"product_cat-television","7":"product_cat-televisions-smart","9":"first","10":"instock","11":"sale","12":"purchasable","13":"product-type-simple","14":"entry","15":"content-bg","16":"loop-entry"},"_links":{"self":[{"href":"https:\/\/anopri.com\/index.php?rest_route=\/wp\/v2\/product\/8464","targetHints":{"allow":["GET"]}}],"collection":[{"href":"https:\/\/anopri.com\/index.php?rest_route=\/wp\/v2\/product"}],"about":[{"href":"https:\/\/anopri.com\/index.php?rest_route=\/wp\/v2\/types\/product"}],"replies":[{"embeddable":true,"href":"https:\/\/anopri.com\/index.php?rest_route=%2Fwp%2Fv2%2Fcomments&post=8464"}],"wp:featuredmedia":[{"embeddable":true,"href":"https:\/\/anopri.com\/index.php?rest_route=\/wp\/v2\/media\/6536"}],"wp:attachment":[{"href":"https:\/\/anopri.com\/index.php?rest_route=%2Fwp%2Fv2%2Fmedia&parent=8464"}],"wp:term":[{"taxonomy":"product_brand","embeddable":true,"href":"https:\/\/anopri.com\/index.php?rest_route=%2Fwp%2Fv2%2Fproduct_brand&post=8464"},{"taxonomy":"product_cat","embeddable":true,"href":"https:\/\/anopri.com\/index.php?rest_route=%2Fwp%2Fv2%2Fproduct_cat&post=8464"},{"taxonomy":"product_tag","embeddable":true,"href":"https:\/\/anopri.com\/index.php?rest_route=%2Fwp%2Fv2%2Fproduct_tag&post=8464"},{"taxonomy":"product_brands","embeddable":true,"href":"https:\/\/anopri.com\/index.php?rest_route=%2Fwp%2Fv2%2Fproduct_brands&post=8464"}],"curies":[{"name":"wp","href":"https:\/\/api.w.org\/{rel}","templated":true}]}}