{"id":8443,"date":"2026-04-25T13:03:56","date_gmt":"2026-04-25T13:03:56","guid":{"rendered":"https:\/\/anopri.com\/?post_type=product&#038;p=8443"},"modified":"2026-04-25T13:03:58","modified_gmt":"2026-04-25T13:03:58","slug":"climatiseur-split-hisense-24000-btu-3cv","status":"publish","type":"product","link":"https:\/\/anopri.com\/?product=climatiseur-split-hisense-24000-btu-3cv","title":{"rendered":"Climatiseur Split Hisense &#8211; 24000 BTU &#8211; 3cv"},"content":{"rendered":"<div><span style=\"vertical-align: inherit;\"><span style=\"vertical-align: inherit;\">Rien ne vaut un climatiseur pour lutter contre les grosses chaleurs ou garder un cadre de travail agr\u00e9able. <\/span><span style=\"vertical-align: inherit;\">D\u00e9couvrez sur ANOPRI une large gamme de climatiseurs qui r\u00e9pondent \u00e0 tous vos besoins. <\/span><span style=\"vertical-align: inherit;\">Nos climatiseurs allient \u00e9l\u00e9gance et technologie. <\/span><span style=\"vertical-align: inherit;\">Dot\u00e9s de fonctionnalit\u00e9s innovantes, telles que les filtres anti-allergie, les climatiseurs offrent un moyen sophistiqu\u00e9 de rafra\u00eechir votre int\u00e9rieur.<\/span><\/span><\/div>\n<div><span style=\"vertical-align: inherit;\"><span style=\"vertical-align: inherit;\">Split HISENSE 24000 BTU<\/span><\/span><\/div>\n<div><\/div>\n","protected":false},"excerpt":{"rendered":"<div><strong><span style=\"vertical-align: inherit;\"><span style=\"vertical-align: inherit;\">Caract\u00e9ristiques g\u00e9n\u00e9rales :<\/span><\/span><\/strong><\/div>\n<div><span style=\"vertical-align: inherit;\"><span style=\"vertical-align: inherit;\">&#8211; Marque : Hisense<\/span><\/span><\/div>\n<div><span style=\"vertical-align: inherit;\"><span style=\"vertical-align: inherit;\">&#8211; Puissance : 24 000 BTU\/h; <\/span><span style=\"vertical-align: inherit;\">3 CV<\/span><\/span><\/div>\n<div><span style=\"vertical-align: inherit;\"><span style=\"vertical-align: inherit;\">-R\u00e9frig\u00e9rant : R22<\/span><\/span><\/div>\n<div><span style=\"vertical-align: inherit;\"><span style=\"vertical-align: inherit;\">-Puissance : Btu\/h 24000;<\/span><\/span><\/div>\n<div><span style=\"vertical-align: inherit;\"><span style=\"vertical-align: inherit;\">-Donn\u00e9es \u00e9lectriques: V~,Hz,ph 220-240V\/50HZ\/1PH;<\/span><\/span><\/div>\n<div><span style=\"vertical-align: inherit;\"><span style=\"vertical-align: inherit;\">&#8211; G\u00e9n\u00e9rateur de plasma froid<\/span><\/span><\/div>\n<div><span style=\"vertical-align: inherit;\"><span style=\"vertical-align: inherit;\">&#8211; Red\u00e9marrage automatique<\/span><\/span><\/div>\n<div><span style=\"vertical-align: inherit;\"><span style=\"vertical-align: inherit;\">&#8211; Fonction mise en veille<\/span><\/span><\/div>\n<div><span style=\"vertical-align: inherit;\"><span style=\"vertical-align: inherit;\">&#8211; minuterie 24h<\/span><\/span><\/div>\n<div><span style=\"vertical-align: inherit;\"><span style=\"vertical-align: inherit;\">&#8211; Diagnostic et Protection Auto<\/span><\/span><\/div>\n<div><span style=\"vertical-align: inherit;\"><span style=\"vertical-align: inherit;\">&#8211; Anti moisissure -Unit\u00e9 int\u00e9rieure LxHxP mm 920x313x226<\/span><\/span><\/div>\n","protected":false},"featured_media":6485,"comment_status":"closed","ping_status":"closed","template":"","meta":{"_bst_post_transparent":"","_bst_post_title":"","_bst_post_layout":"","_bst_post_sidebar_id":"","_bst_post_content_style":"","_bst_post_vertical_padding":"","_bst_post_feature":"","_bst_post_feature_position":"","_bst_post_header":false,"_bst_post_footer":false},"product_brand":[],"product_cat":[164,160],"product_tag":[],"product_brands":[],"class_list":{"0":"post-8443","1":"product","2":"type-product","3":"status-publish","4":"has-post-thumbnail","6":"product_cat-climatiseurs","7":"product_cat-climatiseurs-ventilateurs","9":"first","10":"instock","11":"sale","12":"purchasable","13":"product-type-simple","14":"entry","15":"content-bg","16":"loop-entry"},"_links":{"self":[{"href":"https:\/\/anopri.com\/index.php?rest_route=\/wp\/v2\/product\/8443","targetHints":{"allow":["GET"]}}],"collection":[{"href":"https:\/\/anopri.com\/index.php?rest_route=\/wp\/v2\/product"}],"about":[{"href":"https:\/\/anopri.com\/index.php?rest_route=\/wp\/v2\/types\/product"}],"replies":[{"embeddable":true,"href":"https:\/\/anopri.com\/index.php?rest_route=%2Fwp%2Fv2%2Fcomments&post=8443"}],"wp:featuredmedia":[{"embeddable":true,"href":"https:\/\/anopri.com\/index.php?rest_route=\/wp\/v2\/media\/6485"}],"wp:attachment":[{"href":"https:\/\/anopri.com\/index.php?rest_route=%2Fwp%2Fv2%2Fmedia&parent=8443"}],"wp:term":[{"taxonomy":"product_brand","embeddable":true,"href":"https:\/\/anopri.com\/index.php?rest_route=%2Fwp%2Fv2%2Fproduct_brand&post=8443"},{"taxonomy":"product_cat","embeddable":true,"href":"https:\/\/anopri.com\/index.php?rest_route=%2Fwp%2Fv2%2Fproduct_cat&post=8443"},{"taxonomy":"product_tag","embeddable":true,"href":"https:\/\/anopri.com\/index.php?rest_route=%2Fwp%2Fv2%2Fproduct_tag&post=8443"},{"taxonomy":"product_brands","embeddable":true,"href":"https:\/\/anopri.com\/index.php?rest_route=%2Fwp%2Fv2%2Fproduct_brands&post=8443"}],"curies":[{"name":"wp","href":"https:\/\/api.w.org\/{rel}","templated":true}]}}