{"id":8427,"date":"2026-04-25T13:03:47","date_gmt":"2026-04-25T13:03:47","guid":{"rendered":"https:\/\/anopri.com\/?post_type=product&#038;p=8427"},"modified":"2026-04-25T13:03:51","modified_gmt":"2026-04-25T13:03:51","slug":"plaque-a-gaz-aifa-522g","status":"publish","type":"product","link":"https:\/\/anopri.com\/?product=plaque-a-gaz-aifa-522g","title":{"rendered":"PLAQUE A GAZ AIFA 522G"},"content":{"rendered":"<p><span style=\"vertical-align: inherit;\"><span style=\"vertical-align: inherit;\">Description <\/span><\/span><br \/>\n<span style=\"vertical-align: inherit;\"><span style=\"vertical-align: inherit;\">Vous souhaitez \u00e9quiper de fa\u00e7on plus pratique votre cuisine mais vous n&#8217;avez pas la place d&#8217;installation d&#8217;une cuisini\u00e8re? <\/span><span style=\"vertical-align: inherit;\">Dans ce cas optez pour un r\u00e9chaud \u00e0 gaz pas cher que vous poserez facilement sur votre plan de travail ou partout ailleurs. <\/span><span style=\"vertical-align: inherit;\">En effet, il offre une utilisation tr\u00e8s simple vous permettant de contr\u00f4ler la temp\u00e9rature pour une cuisson homog\u00e8ne. <\/span><span style=\"vertical-align: inherit;\">Faites vous plaisir!<\/span><\/span><\/p>\n<p><span style=\"vertical-align: inherit;\"><span style=\"vertical-align: inherit;\">Fonctionnalit\u00e9s <\/span><\/span><br \/>\n<span style=\"vertical-align: inherit;\"><span style=\"vertical-align: inherit;\">&#8211; type de produit: table de cuisson \u00e0 gaz en verre <\/span><\/span><br \/>\n<span style=\"vertical-align: inherit;\"><span style=\"vertical-align: inherit;\">&#8211; Allumage automatique: oui (pas besoin de piles ou d&#8217;allumettes) <\/span><\/span><br \/>\n<span style=\"vertical-align: inherit;\"><span style=\"vertical-align: inherit;\">Nombre de bruleurs: 2 <\/span><\/span><br \/>\n<span style=\"vertical-align: inherit;\"><span style=\"vertical-align: inherit;\">Particularit\u00e9: portable<\/span><\/span><\/p>\n","protected":false},"excerpt":{"rendered":"<p>Description Vous souhaitez \u00e9quiper de fa\u00e7on plus pratique votre cuisine mais vous n&#8217;avez pas la place d&#8217;installation d&#8217;une cuisini\u00e8re? Dans ce cas optez pour un r\u00e9chaud \u00e0 gaz pas cher que vous poserez facilement sur votre plan de travail ou partout ailleurs. En effet, il offre une utilisation tr\u00e8s simple vous permettant de contr\u00f4ler la&#8230;<\/p>\n","protected":false},"featured_media":6451,"comment_status":"closed","ping_status":"closed","template":"","meta":{"_bst_post_transparent":"","_bst_post_title":"","_bst_post_layout":"","_bst_post_sidebar_id":"","_bst_post_content_style":"","_bst_post_vertical_padding":"","_bst_post_feature":"","_bst_post_feature_position":"","_bst_post_header":false,"_bst_post_footer":false},"product_brand":[],"product_cat":[150,161],"product_tag":[],"product_brands":[],"class_list":{"0":"post-8427","1":"product","2":"type-product","3":"status-publish","4":"has-post-thumbnail","6":"product_cat-cuisiniere-et-plaque-a-gaz","7":"product_cat-plaque-a-gaz","9":"first","10":"instock","11":"purchasable","12":"product-type-simple","13":"entry","14":"content-bg","15":"loop-entry"},"_links":{"self":[{"href":"https:\/\/anopri.com\/index.php?rest_route=\/wp\/v2\/product\/8427","targetHints":{"allow":["GET"]}}],"collection":[{"href":"https:\/\/anopri.com\/index.php?rest_route=\/wp\/v2\/product"}],"about":[{"href":"https:\/\/anopri.com\/index.php?rest_route=\/wp\/v2\/types\/product"}],"replies":[{"embeddable":true,"href":"https:\/\/anopri.com\/index.php?rest_route=%2Fwp%2Fv2%2Fcomments&post=8427"}],"wp:featuredmedia":[{"embeddable":true,"href":"https:\/\/anopri.com\/index.php?rest_route=\/wp\/v2\/media\/6451"}],"wp:attachment":[{"href":"https:\/\/anopri.com\/index.php?rest_route=%2Fwp%2Fv2%2Fmedia&parent=8427"}],"wp:term":[{"taxonomy":"product_brand","embeddable":true,"href":"https:\/\/anopri.com\/index.php?rest_route=%2Fwp%2Fv2%2Fproduct_brand&post=8427"},{"taxonomy":"product_cat","embeddable":true,"href":"https:\/\/anopri.com\/index.php?rest_route=%2Fwp%2Fv2%2Fproduct_cat&post=8427"},{"taxonomy":"product_tag","embeddable":true,"href":"https:\/\/anopri.com\/index.php?rest_route=%2Fwp%2Fv2%2Fproduct_tag&post=8427"},{"taxonomy":"product_brands","embeddable":true,"href":"https:\/\/anopri.com\/index.php?rest_route=%2Fwp%2Fv2%2Fproduct_brands&post=8427"}],"curies":[{"name":"wp","href":"https:\/\/api.w.org\/{rel}","templated":true}]}}