{"id":8418,"date":"2026-04-25T13:03:46","date_gmt":"2026-04-25T13:03:46","guid":{"rendered":"https:\/\/anopri.com\/?post_type=product&#038;p=8418"},"modified":"2026-04-25T13:03:49","modified_gmt":"2026-04-25T13:03:49","slug":"refrigerateur-fiabtec-ftbms-438df-260-litres","status":"publish","type":"product","link":"https:\/\/anopri.com\/?product=refrigerateur-fiabtec-ftbms-438df-260-litres","title":{"rendered":"R\u00e9frig\u00e9rateur FIABTEC -FTBMS-438DF -260 litres"},"content":{"rendered":"<p>D\u00e9couvrez votre\u00a0r\u00e9frig\u00e9rateur \u00a0FTTMS-238DF au meilleur prix qualit\u00e9\u00a0de marque\u00a0FIABTEC,\u00a0constitu\u00e9 de deux parties ( cong\u00e9lateur et r\u00e9frig\u00e9rateur) sans poignet situ\u00e9 aux extr\u00e9mit\u00e9s du frigo et d&#8217;un volume consid\u00e9rable.<\/p>\n<h2>Le r\u00e9frig\u00e9rateur \u00e9conomique pour vos factures d&#8217;\u00e9l\u00e9ctricit\u00e9<\/h2>\n<p>En \u00e9ffet, la partie du\u00a0r\u00e9frig\u00e9rateur\u00a0FTTMS-238DF\u00a0est celle qui se trouve en dessous de votre appareil \u00e9l\u00e9ctromenager avec une capacit\u00e9 de\u00a0136 litres\u00a0vous permettant de garder et de conserver tous vos aliments au frais . Il est dot\u00e9 d&#8217;un r\u00e9frig\u00e9rant estim\u00e9 \u00e0\u00a0R600a\u00a0qui donne la possibilit\u00e9 \u00e0 votre frigo de bien former la glace et de diminuer la consommation d&#8217;\u00e9l\u00e9ctricit\u00e9\u00a0 de votre maison en\u00a0 terme de facture de courant.<\/p>\n<h2>Cong\u00e9lation de point pour vos aliments pr\u00e9f\u00e9r\u00e9s<\/h2>\n<p>De plus, la partie cong\u00e9lation est celle qui garantie un confort maximal au niveau de la cong\u00e9lation rapide de vos aliments en toute s\u00e9curit\u00e9. M\u00eame en cas de coupure il garde parfaitement l&#8217;\u00e9tat uniforme de ces aliments tout en conservant la glace sur vos produits alimentaires . Il est dot\u00e9 d&#8217;une vitre s\u00e9paratoire se trouvant \u00e0 l&#8217;int\u00e9rieur\u00a0 pour mieux ranger vos provisions.<\/p>\n","protected":false},"excerpt":{"rendered":"<p><strong>-Marque :<\/strong>\u00a0FIABTEC<br \/>\n<strong>-Mod\u00e8les :<\/strong>\u00a0FTBMS-458DDF<br \/>\n<strong>-Type de produit :<\/strong>\u00a0R\u00e9frig\u00e9rateur Combin\u00e9<br \/>\n<strong>-Nombre de portes :<\/strong>\u00a0 2<br \/>\n<strong>-Volume brut \/ Volume net :<\/strong>\u00a0268 litres<br \/>\n<strong>-Classe \u00e9nerg\u00e9tique\/Climatique :<\/strong>\u00a0A\/ ST<br \/>\n<strong>-R\u00e9frig\u00e9rant :<\/strong>\u00a0R600a<br \/>\n<strong>-Tension\/Frequency:<\/strong>\u00a0220\/240Hz<br \/>\n<strong>-Garantie:<\/strong>\u00a06 mois<\/p>\n","protected":false},"featured_media":6434,"comment_status":"closed","ping_status":"closed","template":"","meta":{"_bst_post_transparent":"","_bst_post_title":"","_bst_post_layout":"","_bst_post_sidebar_id":"","_bst_post_content_style":"","_bst_post_vertical_padding":"","_bst_post_feature":"","_bst_post_feature_position":"","_bst_post_header":false,"_bst_post_footer":false},"product_brand":[],"product_cat":[145,157],"product_tag":[],"product_brands":[],"class_list":{"0":"post-8418","1":"product","2":"type-product","3":"status-publish","4":"has-post-thumbnail","6":"product_cat-electromenager","7":"product_cat-refrigerateur","9":"first","10":"instock","11":"purchasable","12":"product-type-simple","13":"entry","14":"content-bg","15":"loop-entry"},"_links":{"self":[{"href":"https:\/\/anopri.com\/index.php?rest_route=\/wp\/v2\/product\/8418","targetHints":{"allow":["GET"]}}],"collection":[{"href":"https:\/\/anopri.com\/index.php?rest_route=\/wp\/v2\/product"}],"about":[{"href":"https:\/\/anopri.com\/index.php?rest_route=\/wp\/v2\/types\/product"}],"replies":[{"embeddable":true,"href":"https:\/\/anopri.com\/index.php?rest_route=%2Fwp%2Fv2%2Fcomments&post=8418"}],"wp:featuredmedia":[{"embeddable":true,"href":"https:\/\/anopri.com\/index.php?rest_route=\/wp\/v2\/media\/6434"}],"wp:attachment":[{"href":"https:\/\/anopri.com\/index.php?rest_route=%2Fwp%2Fv2%2Fmedia&parent=8418"}],"wp:term":[{"taxonomy":"product_brand","embeddable":true,"href":"https:\/\/anopri.com\/index.php?rest_route=%2Fwp%2Fv2%2Fproduct_brand&post=8418"},{"taxonomy":"product_cat","embeddable":true,"href":"https:\/\/anopri.com\/index.php?rest_route=%2Fwp%2Fv2%2Fproduct_cat&post=8418"},{"taxonomy":"product_tag","embeddable":true,"href":"https:\/\/anopri.com\/index.php?rest_route=%2Fwp%2Fv2%2Fproduct_tag&post=8418"},{"taxonomy":"product_brands","embeddable":true,"href":"https:\/\/anopri.com\/index.php?rest_route=%2Fwp%2Fv2%2Fproduct_brands&post=8418"}],"curies":[{"name":"wp","href":"https:\/\/api.w.org\/{rel}","templated":true}]}}