{"id":8408,"date":"2026-04-25T13:03:37","date_gmt":"2026-04-25T13:03:37","guid":{"rendered":"https:\/\/anopri.com\/?post_type=product&#038;p=8408"},"modified":"2026-04-25T13:03:42","modified_gmt":"2026-04-25T13:03:42","slug":"ventilateur-roch-sur-pied-16-pouce-avec-telecommande","status":"publish","type":"product","link":"https:\/\/anopri.com\/?product=ventilateur-roch-sur-pied-16-pouce-avec-telecommande","title":{"rendered":"Ventilateur ROCH  Sur Pied 16 Pouce  Avec t\u00e9l\u00e9commande"},"content":{"rendered":"<p>\u2022 Marque: Roch<\/p>\n<p>\u2022 Produit: Ventilateur Sur Pied<\/p>\n<p>\u2022 Model: USSF-606<\/p>\n<p>\u2022 Taille: 16\u00a0Pouce<\/p>\n<p>\u2022 Puissance: 55w<\/p>\n<p>\u2022 66x14mm Alu Motor<\/p>\n<p>\u2022 Avec t\u00e9l\u00e9commande<\/p>\n<p>\u2022 Garantie: 12 Mois<\/p>\n","protected":false},"excerpt":{"rendered":"<p>Le ventilateur est la solution la moins couteuse pour rafraichir une pi\u00e8ce de votre maison. Il faut savoir que le ventilateur ne g\u00e9n\u00e8re pas un air froid mais cr\u00e9e un vent artificiel, en r\u00e9sultat du d\u00e9placement d\u2019air r\u00e9alis\u00e9 par le ventilateur qui fournira une agr\u00e9able sensation de fraicheur. Pour bien choisir le mod\u00e8le adapte \u00e0 votre usage, d\u00e9couvrez notre gamme compl\u00e8te des meilleurs ventilateurs \u00e0 bas prix.<\/p>\n","protected":false},"featured_media":6408,"comment_status":"open","ping_status":"closed","template":"","meta":{"_bst_post_transparent":"","_bst_post_title":"","_bst_post_layout":"","_bst_post_sidebar_id":"","_bst_post_content_style":"","_bst_post_vertical_padding":"","_bst_post_feature":"","_bst_post_feature_position":"","_bst_post_header":false,"_bst_post_footer":false},"product_brand":[],"product_cat":[158],"product_tag":[],"product_brands":[],"class_list":{"0":"post-8408","1":"product","2":"type-product","3":"status-publish","4":"has-post-thumbnail","6":"product_cat-ventilateur","8":"first","9":"instock","10":"shipping-taxable","11":"purchasable","12":"product-type-simple","13":"entry","14":"content-bg","15":"loop-entry"},"_links":{"self":[{"href":"https:\/\/anopri.com\/index.php?rest_route=\/wp\/v2\/product\/8408","targetHints":{"allow":["GET"]}}],"collection":[{"href":"https:\/\/anopri.com\/index.php?rest_route=\/wp\/v2\/product"}],"about":[{"href":"https:\/\/anopri.com\/index.php?rest_route=\/wp\/v2\/types\/product"}],"replies":[{"embeddable":true,"href":"https:\/\/anopri.com\/index.php?rest_route=%2Fwp%2Fv2%2Fcomments&post=8408"}],"wp:featuredmedia":[{"embeddable":true,"href":"https:\/\/anopri.com\/index.php?rest_route=\/wp\/v2\/media\/6408"}],"wp:attachment":[{"href":"https:\/\/anopri.com\/index.php?rest_route=%2Fwp%2Fv2%2Fmedia&parent=8408"}],"wp:term":[{"taxonomy":"product_brand","embeddable":true,"href":"https:\/\/anopri.com\/index.php?rest_route=%2Fwp%2Fv2%2Fproduct_brand&post=8408"},{"taxonomy":"product_cat","embeddable":true,"href":"https:\/\/anopri.com\/index.php?rest_route=%2Fwp%2Fv2%2Fproduct_cat&post=8408"},{"taxonomy":"product_tag","embeddable":true,"href":"https:\/\/anopri.com\/index.php?rest_route=%2Fwp%2Fv2%2Fproduct_tag&post=8408"},{"taxonomy":"product_brands","embeddable":true,"href":"https:\/\/anopri.com\/index.php?rest_route=%2Fwp%2Fv2%2Fproduct_brands&post=8408"}],"curies":[{"name":"wp","href":"https:\/\/api.w.org\/{rel}","templated":true}]}}