{"id":8406,"date":"2026-04-25T13:03:37","date_gmt":"2026-04-25T13:03:37","guid":{"rendered":"https:\/\/anopri.com\/?post_type=product&#038;p=8406"},"modified":"2026-04-25T13:03:42","modified_gmt":"2026-04-25T13:03:42","slug":"roch-congelateur-horizontal-2portes-467-litres-rcf-700n-g","status":"publish","type":"product","link":"https:\/\/anopri.com\/?product=roch-congelateur-horizontal-2portes-467-litres-rcf-700n-g","title":{"rendered":"ROCH Cong\u00e9lateur Horizontal &#8211; 2Portes -467 Litres RCF-700N-G"},"content":{"rendered":"<ul>\n<li>Type de produit: Cong\u00e9lateur<\/li>\n<li>Marque: Roch<\/li>\n<li>Mod\u00e8le: RCF-700N-G<\/li>\n<li>Capacit\u00e9 :467\u00a0L<\/li>\n<li>Capacit\u00e9\u00a0cong\u00e9lation: 23kg\/24h<\/li>\n<li>Refrigerant : R290 \/ 78g<\/li>\n<li>Tension: 220V-240V<\/li>\n<li>Garantie: 12 Mois<\/li>\n<\/ul>\n","protected":false},"excerpt":{"rendered":"<p><strong>Stockez vos aliments \u00e0 long terme en les congelant avec le cong\u00e9lateur ROCH. Ce cong\u00e9lateur spacieux offre la possibilit\u00e9 aux petits et grands m\u00e9nages d\u2019ajouter tous ceux dont ils ont besoin. Bien s\u00fbr, il est \u00e9galement possible de conserver des plats tout pr\u00eats pour une consommation ult\u00e9rieure, ainsi que du poisson, de la viande et des l\u00e9gumes.<\/strong><\/p>\n","protected":false},"featured_media":6403,"comment_status":"open","ping_status":"closed","template":"","meta":{"_bst_post_transparent":"","_bst_post_title":"","_bst_post_layout":"","_bst_post_sidebar_id":"","_bst_post_content_style":"","_bst_post_vertical_padding":"","_bst_post_feature":"","_bst_post_feature_position":"","_bst_post_header":false,"_bst_post_footer":false},"product_brand":[],"product_cat":[153,145],"product_tag":[],"product_brands":[],"class_list":{"0":"post-8406","1":"product","2":"type-product","3":"status-publish","4":"has-post-thumbnail","6":"product_cat-congelateur-coffre","7":"product_cat-electromenager","9":"first","10":"instock","11":"shipping-taxable","12":"purchasable","13":"product-type-simple","14":"entry","15":"content-bg","16":"loop-entry"},"_links":{"self":[{"href":"https:\/\/anopri.com\/index.php?rest_route=\/wp\/v2\/product\/8406","targetHints":{"allow":["GET"]}}],"collection":[{"href":"https:\/\/anopri.com\/index.php?rest_route=\/wp\/v2\/product"}],"about":[{"href":"https:\/\/anopri.com\/index.php?rest_route=\/wp\/v2\/types\/product"}],"replies":[{"embeddable":true,"href":"https:\/\/anopri.com\/index.php?rest_route=%2Fwp%2Fv2%2Fcomments&post=8406"}],"wp:featuredmedia":[{"embeddable":true,"href":"https:\/\/anopri.com\/index.php?rest_route=\/wp\/v2\/media\/6403"}],"wp:attachment":[{"href":"https:\/\/anopri.com\/index.php?rest_route=%2Fwp%2Fv2%2Fmedia&parent=8406"}],"wp:term":[{"taxonomy":"product_brand","embeddable":true,"href":"https:\/\/anopri.com\/index.php?rest_route=%2Fwp%2Fv2%2Fproduct_brand&post=8406"},{"taxonomy":"product_cat","embeddable":true,"href":"https:\/\/anopri.com\/index.php?rest_route=%2Fwp%2Fv2%2Fproduct_cat&post=8406"},{"taxonomy":"product_tag","embeddable":true,"href":"https:\/\/anopri.com\/index.php?rest_route=%2Fwp%2Fv2%2Fproduct_tag&post=8406"},{"taxonomy":"product_brands","embeddable":true,"href":"https:\/\/anopri.com\/index.php?rest_route=%2Fwp%2Fv2%2Fproduct_brands&post=8406"}],"curies":[{"name":"wp","href":"https:\/\/api.w.org\/{rel}","templated":true}]}}