{"id":8403,"date":"2026-04-25T13:03:37","date_gmt":"2026-04-25T13:03:37","guid":{"rendered":"https:\/\/anopri.com\/?post_type=product&#038;p=8403"},"modified":"2026-04-25T13:03:41","modified_gmt":"2026-04-25T13:03:41","slug":"four-a-micro-onde-royal-swiss","status":"publish","type":"product","link":"https:\/\/anopri.com\/?product=four-a-micro-onde-royal-swiss","title":{"rendered":"Four \u00e0 micro-onde ROYAL SWISS"},"content":{"rendered":"<p>Fini la consommation des repas froids qui vous fait toujours tombe maladie en d\u00e9truisant\u00a0 les mati\u00e8res alimentaires se trouvant \u00e0 l\u2019int\u00e9rieur. D\u2019o\u00f9 la cr\u00e9ation de micro-onde de design effet miroir.<strong>\u00a0Le four \u00e0 micro-onde \u00a0moins cher<\/strong>\u00a0de marque\u00a0<strong>Royal Swiss<\/strong>\u00a0est un appareil \u00e9lectrom\u00e9nager permettant de cuisiner selon vos envies et de chauffer tous types d\u2019aliments gr\u00e2ce \u00e0 ses rayons \u00e9lectromagn\u00e9tiques de longueur d\u2019onde interm\u00e9diaire entre l\u2019infrarouge et les ondes de radiodiffusion. Ce micro \u2013 onde Royal Swiss\u00a0 poss\u00e8de une forme rectangulaire de couleur gris effet miroir et\u00a0 est constitu\u00e9 d\u2019un plateau tournant, d\u2019une capacit\u00e9 et d\u2019une puissance.<\/p>\n","protected":false},"excerpt":{"rendered":"<p><strong>DESCRIPTIONS<\/strong><\/p>\n<ul>\n<li>Capacit\u00e9 : 20 L<\/li>\n<li>Design effet miroir<\/li>\n<li>Fonction d\u00e9cong\u00e9lation<\/li>\n<li>6 positions r\u00e9glable<\/li>\n<li>Horloge analogique<\/li>\n<li>Plateau tournant automatique 24.5 cm<\/li>\n<li>Minuterie r\u00e9glable avec signal 30 minutes<\/li>\n<li>Puissance : 700 watt \u201c<\/li>\n<\/ul>\n","protected":false},"featured_media":6395,"comment_status":"closed","ping_status":"closed","template":"","meta":{"_bst_post_transparent":"","_bst_post_title":"","_bst_post_layout":"","_bst_post_sidebar_id":"","_bst_post_content_style":"","_bst_post_vertical_padding":"","_bst_post_feature":"","_bst_post_feature_position":"","_bst_post_header":false,"_bst_post_footer":false},"product_brand":[],"product_cat":[154],"product_tag":[],"product_brands":[],"class_list":{"0":"post-8403","1":"product","2":"type-product","3":"status-publish","4":"has-post-thumbnail","6":"product_cat-micro-onde-fours","8":"first","9":"instock","10":"purchasable","11":"product-type-simple","12":"entry","13":"content-bg","14":"loop-entry"},"_links":{"self":[{"href":"https:\/\/anopri.com\/index.php?rest_route=\/wp\/v2\/product\/8403","targetHints":{"allow":["GET"]}}],"collection":[{"href":"https:\/\/anopri.com\/index.php?rest_route=\/wp\/v2\/product"}],"about":[{"href":"https:\/\/anopri.com\/index.php?rest_route=\/wp\/v2\/types\/product"}],"replies":[{"embeddable":true,"href":"https:\/\/anopri.com\/index.php?rest_route=%2Fwp%2Fv2%2Fcomments&post=8403"}],"wp:featuredmedia":[{"embeddable":true,"href":"https:\/\/anopri.com\/index.php?rest_route=\/wp\/v2\/media\/6395"}],"wp:attachment":[{"href":"https:\/\/anopri.com\/index.php?rest_route=%2Fwp%2Fv2%2Fmedia&parent=8403"}],"wp:term":[{"taxonomy":"product_brand","embeddable":true,"href":"https:\/\/anopri.com\/index.php?rest_route=%2Fwp%2Fv2%2Fproduct_brand&post=8403"},{"taxonomy":"product_cat","embeddable":true,"href":"https:\/\/anopri.com\/index.php?rest_route=%2Fwp%2Fv2%2Fproduct_cat&post=8403"},{"taxonomy":"product_tag","embeddable":true,"href":"https:\/\/anopri.com\/index.php?rest_route=%2Fwp%2Fv2%2Fproduct_tag&post=8403"},{"taxonomy":"product_brands","embeddable":true,"href":"https:\/\/anopri.com\/index.php?rest_route=%2Fwp%2Fv2%2Fproduct_brands&post=8403"}],"curies":[{"name":"wp","href":"https:\/\/api.w.org\/{rel}","templated":true}]}}