{"id":8398,"date":"2026-04-25T13:03:37","date_gmt":"2026-04-25T13:03:37","guid":{"rendered":"https:\/\/anopri.com\/?post_type=product&#038;p=8398"},"modified":"2026-04-25T13:03:40","modified_gmt":"2026-04-25T13:03:40","slug":"congelateur-innova-in440-300l","status":"publish","type":"product","link":"https:\/\/anopri.com\/?product=congelateur-innova-in440-300l","title":{"rendered":"Cong\u00e9lateur &#8211; INNOVA- IN440 300L"},"content":{"rendered":"<div>Le choix de l\u2019\u00e9lectrom\u00e9nager est parfois une d\u00e9cision difficile pour toutes les fonctions: cuisiner, lessiver, r\u00e9frig\u00e9rer ou r\u00e9chauffer vous trouverez chez ANOPRI les appareils dont vous avez besoin. Faites votre choix dans nos vari\u00e9t\u00e9s de mixeurs, r\u00e9frig\u00e9rateurs, cong\u00e9lateurs, lave-linge, fours et autres.<\/div>\n<div><\/div>\n<div>\n<p>Le<strong>\u00a0cong\u00e9lateur coffre<\/strong>\u00a0dispose d&#8217;un\u00a0<strong>gros volume de 300L<\/strong>, pour conserver les surgel\u00e9s de toute votre famille, Il est donc en mesure d\u2019accueillir un nombre important de denr\u00e9es y compris des aliments imposants. \u00c0 l\u2019int\u00e9rieur du\u00a0<strong>cong\u00e9lateur coffre innova,<\/strong>\u00a0vous pourrez ranger vos provisions comme vous le souhaitez. Des compartiments vous permettront d\u2019y entreposer les aliments que vous consommez le plus souvent. Ces derniers seront facilement accessibles vous \u00e9vitant d\u2019aller chercher au fond du caisson.<\/p>\n<p>Le syst\u00e8me de r\u00e9frig\u00e9ration de ce cong\u00e9lateur permet de r\u00e9duire la consommation \u00e9nerg\u00e9tique de l&#8217;appareil. Cela lui conf\u00e8re une\u00a0consommation A, pour de plus\u00a0grandes \u00e9conomies sur votre facture d&#8217;\u00e9lectricit\u00e9, tout en prot\u00e9geant la plan\u00e8te et l&#8217;environnement.<\/p>\n<\/div>\n","protected":false},"excerpt":{"rendered":"<div><strong>DESCRIPTION<\/strong><\/div>\n<div>-Produit: Cong\u00e9lateur coffre<\/div>\n<div>-Marque: Innova<\/div>\n<div>-Cat\u00e9gorie: Electrom\u00e9nager<\/div>\n<div>-Mod\u00e8le: IN440<\/div>\n<div>-Capacit\u00e9 du cong\u00e9lateur : 300L<\/div>\n<div>-Classe Climatique : T<\/div>\n<div>-Classe \u00e9nerg\u00e9tique: A<\/div>\n<div>-R\u00e9frig\u00e9rant : R600a<\/div>\n<div>-Tension: 220\/ 230 volt<\/div>\n<div>-Fr\u00e9quence : 50Hz<\/div>\n","protected":false},"featured_media":6383,"comment_status":"closed","ping_status":"closed","template":"","meta":{"_bst_post_transparent":"","_bst_post_title":"","_bst_post_layout":"","_bst_post_sidebar_id":"","_bst_post_content_style":"","_bst_post_vertical_padding":"","_bst_post_feature":"","_bst_post_feature_position":"","_bst_post_header":false,"_bst_post_footer":false},"product_brand":[],"product_cat":[153,145],"product_tag":[],"product_brands":[],"class_list":{"0":"post-8398","1":"product","2":"type-product","3":"status-publish","4":"has-post-thumbnail","6":"product_cat-congelateur-coffre","7":"product_cat-electromenager","9":"first","10":"instock","11":"purchasable","12":"product-type-simple","13":"entry","14":"content-bg","15":"loop-entry"},"_links":{"self":[{"href":"https:\/\/anopri.com\/index.php?rest_route=\/wp\/v2\/product\/8398","targetHints":{"allow":["GET"]}}],"collection":[{"href":"https:\/\/anopri.com\/index.php?rest_route=\/wp\/v2\/product"}],"about":[{"href":"https:\/\/anopri.com\/index.php?rest_route=\/wp\/v2\/types\/product"}],"replies":[{"embeddable":true,"href":"https:\/\/anopri.com\/index.php?rest_route=%2Fwp%2Fv2%2Fcomments&post=8398"}],"wp:featuredmedia":[{"embeddable":true,"href":"https:\/\/anopri.com\/index.php?rest_route=\/wp\/v2\/media\/6383"}],"wp:attachment":[{"href":"https:\/\/anopri.com\/index.php?rest_route=%2Fwp%2Fv2%2Fmedia&parent=8398"}],"wp:term":[{"taxonomy":"product_brand","embeddable":true,"href":"https:\/\/anopri.com\/index.php?rest_route=%2Fwp%2Fv2%2Fproduct_brand&post=8398"},{"taxonomy":"product_cat","embeddable":true,"href":"https:\/\/anopri.com\/index.php?rest_route=%2Fwp%2Fv2%2Fproduct_cat&post=8398"},{"taxonomy":"product_tag","embeddable":true,"href":"https:\/\/anopri.com\/index.php?rest_route=%2Fwp%2Fv2%2Fproduct_tag&post=8398"},{"taxonomy":"product_brands","embeddable":true,"href":"https:\/\/anopri.com\/index.php?rest_route=%2Fwp%2Fv2%2Fproduct_brands&post=8398"}],"curies":[{"name":"wp","href":"https:\/\/api.w.org\/{rel}","templated":true}]}}