{"id":8394,"date":"2026-04-25T13:03:36","date_gmt":"2026-04-25T13:03:36","guid":{"rendered":"https:\/\/anopri.com\/?post_type=product&#038;p=8394"},"modified":"2026-04-25T13:03:39","modified_gmt":"2026-04-25T13:03:39","slug":"tv-oscar-smart-full-hdtv-42-pouces","status":"publish","type":"product","link":"https:\/\/anopri.com\/?product=tv-oscar-smart-full-hdtv-42-pouces","title":{"rendered":"TV OSCAR SMART- Full HDTV 42 pouces"},"content":{"rendered":"<p>Le moyen le plus s\u00fbr de se divertir c&#8217;est de s&#8217;allonger\u00a0chez soi et regarder les \u00e9missions de son ger c&#8217;est choix. Regarder c&#8217;est bien mais mieux regarder c&#8217;est encore meilleur c&#8217;est pour cette raison que nous avons parmi nos meilleurs articles, choisissez le\u00a0<strong>TV SMART OSCAR<\/strong>\u00a0\u00a0pour vous.<\/p>\n<h2><strong>Des couleurs r\u00e9alistes<\/strong><\/h2>\n<p>La qualit\u00e9 de l&#8217;image n&#8217;est plus \u00e0 d\u00e9montrer, on se croirait face \u00e0 la r\u00e9alit\u00e9 c&#8217;est du\u00a0\u00a0<strong>HD (<\/strong>\u00a0haute d\u00e9finition) et pour apporter un sens \u00e0 votre maison, Le son, c&#8217;est oufff avec une telle sonorit\u00e9, vous n&#8217;aurez plus \u00e0 vous d\u00e9faire car il est tellement filtr\u00e9 et fin on dirait \u00eatre en live.\u00a0Cet \u00e9cran est Smart.\u00a0Glotelho est toujours la solution \u00e0 vos pr\u00e9occupations les plus pr\u00e9sentes.<\/p>\n<h2><strong>Profitez d&#8217;internet avec votre Smart TV<\/strong><\/h2>\n<p>Offrant un Wi-Fi \u00e0 ses utilisateurs, le produit est id\u00e9al pour une utilisation ininterrompue d&#8217;Internet. Cette\u00a0<strong>TV androide<\/strong>\u00a0vous permet d&#8217;acc\u00e9der \u00e0 des applications toutes faites, vous pouvez passer un meilleur moment avec des applications que vous pourrez t\u00e9l\u00e9charger ult\u00e9rieurement sur votre t\u00e9l\u00e9viseur.<\/p>\n<p>Profitez de cette Smart TV fournissant des images de qualit\u00e9s avec 6 mois de garantie en passant votre commande au Cameroun sur glotelho.cm et consultez plusieurs produits similaires \u00e0 la\u00a0<a href=\"https:\/\/glotelho.cm\/tv-skyworth-55ub7500-55-pouces-4k-noir-6-mois.html\">Smart TV Full HD Led<\/a><\/p>\n","protected":false},"excerpt":{"rendered":"<ul>\n<li><strong>type de produit:<\/strong>\u00a0T\u00e9l\u00e9viseur<\/li>\n<li><strong>Mod\u00e8le:<\/strong>\u00a0SMART<\/li>\n<li><strong>\u00c9cran:<\/strong>\u00a042 Pouces<\/li>\n<li><strong>R\u00e9solution:<\/strong>\u00a01366 x 768<\/li>\n<li><strong>Syst\u00e8me:<\/strong>\u00a0Android<\/li>\n<li><strong>Tension:<\/strong>\u00a0110 \u00e0 240 V<\/li>\n<li><strong>Fr\u00e9quence:<\/strong>\u00a050 \u00e0 60 Hz<\/li>\n<li><strong>Syst\u00e8me de r\u00e9ception TV<\/strong>\u00a0: Analogique, PAL, BG, DKI, SECAM BG,<\/li>\n<li><strong>Fr\u00e9quence De Gamme<\/strong>\u00a0:\u00a046,25 MHz &#8211; 855,25 MHz<\/li>\n<li><strong>Vid\u00e9o:<\/strong>\u00a0PAL \/ NTSC \/ SECAM<\/li>\n<li><strong>Connectivit\u00e9:<\/strong>\u00a0USB 2.0, Hdmi, entr\u00e9e \/ sortie vid\u00e9o Av, VGA, PCMCIA, COAXIAL, d\u00e9codeur int\u00e9gr\u00e9<\/li>\n<li><strong>De l entr\u00e9e antenne:<\/strong>\u00a075 ohms, asym\u00e9trique<\/li>\n<\/ul>\n<p>&nbsp;<\/p>\n","protected":false},"featured_media":6371,"comment_status":"closed","ping_status":"closed","template":"","meta":{"_bst_post_transparent":"","_bst_post_title":"","_bst_post_layout":"","_bst_post_sidebar_id":"","_bst_post_content_style":"","_bst_post_vertical_padding":"","_bst_post_feature":"","_bst_post_feature_position":"","_bst_post_header":false,"_bst_post_footer":false},"product_brand":[],"product_cat":[142,143,144],"product_tag":[],"product_brands":[],"class_list":{"0":"post-8394","1":"product","2":"type-product","3":"status-publish","4":"has-post-thumbnail","6":"product_cat-electronique","7":"product_cat-television","8":"product_cat-televisions-smart","10":"first","11":"instock","12":"purchasable","13":"product-type-simple","14":"entry","15":"content-bg","16":"loop-entry"},"_links":{"self":[{"href":"https:\/\/anopri.com\/index.php?rest_route=\/wp\/v2\/product\/8394","targetHints":{"allow":["GET"]}}],"collection":[{"href":"https:\/\/anopri.com\/index.php?rest_route=\/wp\/v2\/product"}],"about":[{"href":"https:\/\/anopri.com\/index.php?rest_route=\/wp\/v2\/types\/product"}],"replies":[{"embeddable":true,"href":"https:\/\/anopri.com\/index.php?rest_route=%2Fwp%2Fv2%2Fcomments&post=8394"}],"wp:featuredmedia":[{"embeddable":true,"href":"https:\/\/anopri.com\/index.php?rest_route=\/wp\/v2\/media\/6371"}],"wp:attachment":[{"href":"https:\/\/anopri.com\/index.php?rest_route=%2Fwp%2Fv2%2Fmedia&parent=8394"}],"wp:term":[{"taxonomy":"product_brand","embeddable":true,"href":"https:\/\/anopri.com\/index.php?rest_route=%2Fwp%2Fv2%2Fproduct_brand&post=8394"},{"taxonomy":"product_cat","embeddable":true,"href":"https:\/\/anopri.com\/index.php?rest_route=%2Fwp%2Fv2%2Fproduct_cat&post=8394"},{"taxonomy":"product_tag","embeddable":true,"href":"https:\/\/anopri.com\/index.php?rest_route=%2Fwp%2Fv2%2Fproduct_tag&post=8394"},{"taxonomy":"product_brands","embeddable":true,"href":"https:\/\/anopri.com\/index.php?rest_route=%2Fwp%2Fv2%2Fproduct_brands&post=8394"}],"curies":[{"name":"wp","href":"https:\/\/api.w.org\/{rel}","templated":true}]}}