{"id":10381,"date":"2026-04-25T21:20:09","date_gmt":"2026-04-25T21:20:09","guid":{"rendered":"https:\/\/anopri.com\/?product=tapis-milano-silk-red-blue-navy-haute-qualite"},"modified":"2026-04-25T21:20:09","modified_gmt":"2026-04-25T21:20:09","slug":"tapis-milano-silk-red-blue-navy-haute-qualite","status":"publish","type":"product","link":"https:\/\/anopri.com\/?product=tapis-milano-silk-red-blue-navy-haute-qualite","title":{"rendered":"Tapis MILANO SILK RED &#8211; BLUE &#8211; NAVY &#8211; Haute qualit\u00e9"},"content":{"rendered":"<p data-start=\"222\" data-end=\"470\">Le <strong data-start=\"225\" data-end=\"246\">tapis MILANO SILK<\/strong> se distingue par son <strong data-start=\"268\" data-end=\"294\">style oriental raffin\u00e9<\/strong> et son <strong data-start=\"302\" data-end=\"324\">effet soie \u00e9l\u00e9gant<\/strong>. Son motif central richement travaill\u00e9, encadr\u00e9 de bordures d\u00e9coratives d\u00e9taill\u00e9es, apporte <strong data-start=\"417\" data-end=\"451\">chaleur, prestige et caract\u00e8re<\/strong> \u00e0 votre int\u00e9rieur.<\/p>\n<p data-start=\"472\" data-end=\"723\">Disponible en <strong data-start=\"486\" data-end=\"537\">trois coloris intemporels \u2014 Rouge, Bleu et Navy<\/strong>, ce tapis s\u2019adapte aussi bien aux ambiances <strong data-start=\"582\" data-end=\"596\">classiques<\/strong> qu\u2019aux d\u00e9cors <strong data-start=\"611\" data-end=\"623\">modernes<\/strong>. Sa finition soyeuse offre un <strong data-start=\"654\" data-end=\"672\">rendu lumineux<\/strong>, un toucher agr\u00e9able et une excellente durabilit\u00e9.<\/p>\n<p data-start=\"725\" data-end=\"889\">Parfait pour le <strong data-start=\"741\" data-end=\"750\">salon<\/strong>, la <strong data-start=\"755\" data-end=\"766\">chambre<\/strong> ou un <strong data-start=\"773\" data-end=\"796\">espace de r\u00e9ception<\/strong>, le tapis MILANO SILK devient une pi\u00e8ce d\u00e9corative forte qui sublime imm\u00e9diatement la pi\u00e8ce.<\/p>\n","protected":false},"excerpt":{"rendered":"<p>Le tapis MILANO SILK se distingue par son style oriental raffin\u00e9 et son effet soie \u00e9l\u00e9gant. Son motif central richement travaill\u00e9, encadr\u00e9 de bordures d\u00e9coratives d\u00e9taill\u00e9es, apporte chaleur, prestige et caract\u00e8re \u00e0 votre int\u00e9rieur. Disponible en trois coloris intemporels \u2014 Rouge, Bleu et Navy, ce tapis s\u2019adapte aussi bien aux ambiances classiques qu\u2019aux d\u00e9cors modernes&#8230;.<\/p>\n","protected":false},"featured_media":9653,"comment_status":"closed","ping_status":"closed","template":"","meta":{"_bst_post_transparent":"","_bst_post_title":"","_bst_post_layout":"","_bst_post_sidebar_id":"","_bst_post_content_style":"","_bst_post_vertical_padding":"","_bst_post_feature":"","_bst_post_feature_position":"","_bst_post_header":false,"_bst_post_footer":false},"product_brand":[],"product_cat":[172,141,196],"product_tag":[],"product_brands":[],"class_list":{"0":"post-10381","1":"product","2":"type-product","3":"status-publish","4":"has-post-thumbnail","6":"product_cat-ameublement-decoration","7":"product_cat-produits-du-moment","8":"product_cat-tapis","10":"first","11":"outofstock","12":"shipping-taxable","13":"product-type-variable","14":"entry","15":"content-bg","16":"loop-entry"},"_links":{"self":[{"href":"https:\/\/anopri.com\/index.php?rest_route=\/wp\/v2\/product\/10381","targetHints":{"allow":["GET"]}}],"collection":[{"href":"https:\/\/anopri.com\/index.php?rest_route=\/wp\/v2\/product"}],"about":[{"href":"https:\/\/anopri.com\/index.php?rest_route=\/wp\/v2\/types\/product"}],"replies":[{"embeddable":true,"href":"https:\/\/anopri.com\/index.php?rest_route=%2Fwp%2Fv2%2Fcomments&post=10381"}],"wp:featuredmedia":[{"embeddable":true,"href":"https:\/\/anopri.com\/index.php?rest_route=\/wp\/v2\/media\/9653"}],"wp:attachment":[{"href":"https:\/\/anopri.com\/index.php?rest_route=%2Fwp%2Fv2%2Fmedia&parent=10381"}],"wp:term":[{"taxonomy":"product_brand","embeddable":true,"href":"https:\/\/anopri.com\/index.php?rest_route=%2Fwp%2Fv2%2Fproduct_brand&post=10381"},{"taxonomy":"product_cat","embeddable":true,"href":"https:\/\/anopri.com\/index.php?rest_route=%2Fwp%2Fv2%2Fproduct_cat&post=10381"},{"taxonomy":"product_tag","embeddable":true,"href":"https:\/\/anopri.com\/index.php?rest_route=%2Fwp%2Fv2%2Fproduct_tag&post=10381"},{"taxonomy":"product_brands","embeddable":true,"href":"https:\/\/anopri.com\/index.php?rest_route=%2Fwp%2Fv2%2Fproduct_brands&post=10381"}],"curies":[{"name":"wp","href":"https:\/\/api.w.org\/{rel}","templated":true}]}}