{"id":10375,"date":"2026-04-25T21:20:07","date_gmt":"2026-04-25T21:20:07","guid":{"rendered":"https:\/\/anopri.com\/?product=tapis-galata-shaggy-red-black-haute-qualite"},"modified":"2026-04-25T21:20:07","modified_gmt":"2026-04-25T21:20:07","slug":"tapis-galata-shaggy-red-black-haute-qualite","status":"publish","type":"product","link":"https:\/\/anopri.com\/?product=tapis-galata-shaggy-red-black-haute-qualite","title":{"rendered":"Tapis Galata Shaggy RED BLACK &#8211; Haute qualit\u00e9"},"content":{"rendered":"<p>Douceur et moelleux assur\u00e9s avec ce tapis SHAGGY aux m\u00e8ches de 3 cm. Avec son graphisme sobre et tr\u00e8s tendance, il se glissera facilement dans tous les int\u00e9rieurs et apportera confort et chaleur au toucher ! Au pied du lit, du canap\u00e9 ou m\u00eame d&#8217;un bureau, le tapis shaggy trouvera sa place pour votre plus grand plaisir.<\/p>\n","protected":false},"excerpt":{"rendered":"<p>Douceur et moelleux assur\u00e9s avec ce tapis SHAGGY aux m\u00e8ches de 3 cm. Avec son graphisme sobre et tr\u00e8s tendance, il se glissera facilement dans tous les int\u00e9rieurs et apportera confort et chaleur au toucher ! Au pied du lit, du canap\u00e9 ou m\u00eame d&#8217;un bureau, le tapis shaggy trouvera sa place pour votre plus&#8230;<\/p>\n","protected":false},"featured_media":10372,"comment_status":"closed","ping_status":"closed","template":"","meta":{"_bst_post_transparent":"","_bst_post_title":"","_bst_post_layout":"","_bst_post_sidebar_id":"","_bst_post_content_style":"","_bst_post_vertical_padding":"","_bst_post_feature":"","_bst_post_feature_position":"","_bst_post_header":false,"_bst_post_footer":false},"product_brand":[],"product_cat":[172,141,196],"product_tag":[],"product_brands":[],"class_list":{"0":"post-10375","1":"product","2":"type-product","3":"status-publish","4":"has-post-thumbnail","6":"product_cat-ameublement-decoration","7":"product_cat-produits-du-moment","8":"product_cat-tapis","10":"first","11":"outofstock","12":"shipping-taxable","13":"product-type-variable","14":"has-default-attributes","15":"entry","16":"content-bg","17":"loop-entry"},"_links":{"self":[{"href":"https:\/\/anopri.com\/index.php?rest_route=\/wp\/v2\/product\/10375","targetHints":{"allow":["GET"]}}],"collection":[{"href":"https:\/\/anopri.com\/index.php?rest_route=\/wp\/v2\/product"}],"about":[{"href":"https:\/\/anopri.com\/index.php?rest_route=\/wp\/v2\/types\/product"}],"replies":[{"embeddable":true,"href":"https:\/\/anopri.com\/index.php?rest_route=%2Fwp%2Fv2%2Fcomments&post=10375"}],"wp:featuredmedia":[{"embeddable":true,"href":"https:\/\/anopri.com\/index.php?rest_route=\/wp\/v2\/media\/10372"}],"wp:attachment":[{"href":"https:\/\/anopri.com\/index.php?rest_route=%2Fwp%2Fv2%2Fmedia&parent=10375"}],"wp:term":[{"taxonomy":"product_brand","embeddable":true,"href":"https:\/\/anopri.com\/index.php?rest_route=%2Fwp%2Fv2%2Fproduct_brand&post=10375"},{"taxonomy":"product_cat","embeddable":true,"href":"https:\/\/anopri.com\/index.php?rest_route=%2Fwp%2Fv2%2Fproduct_cat&post=10375"},{"taxonomy":"product_tag","embeddable":true,"href":"https:\/\/anopri.com\/index.php?rest_route=%2Fwp%2Fv2%2Fproduct_tag&post=10375"},{"taxonomy":"product_brands","embeddable":true,"href":"https:\/\/anopri.com\/index.php?rest_route=%2Fwp%2Fv2%2Fproduct_brands&post=10375"}],"curies":[{"name":"wp","href":"https:\/\/api.w.org\/{rel}","templated":true}]}}