{"id":10368,"date":"2026-04-25T21:20:05","date_gmt":"2026-04-25T21:20:05","guid":{"rendered":"https:\/\/anopri.com\/?product=balance-commerciale-camry-50kg"},"modified":"2026-04-25T21:20:05","modified_gmt":"2026-04-25T21:20:05","slug":"balance-commerciale-camry-50kg","status":"publish","type":"product","link":"https:\/\/anopri.com\/?product=balance-commerciale-camry-50kg","title":{"rendered":"Balance commerciale Camry &#8211; 50Kg"},"content":{"rendered":"<p><span>Convient \u00e0 un usage commercial, c&#8217;est-\u00e0-dire pour la vente de produits en vrac.<\/span><\/p>\n<p><span>Il y a une tour, c&#8217;est-\u00e0-dire un affichage en haut de la ville. Il y a des affichages sur la tour, un sur le visage de l&#8217;acheteur et un autre sur le c\u00f4t\u00e9 du vendeur. Il y en a un autre en bas, sous le plateau de poids.<\/span><\/p>\n<p><span>Balance multi-gammes ou multi-intervalles. Cette fonctionnalit\u00e9 en fait une balance polyvalente, permettant de peser des produits l\u00e9gers (noix, jambon, etc.) sur vos premiers intervalles, de 2 g \u00e0 6 kg, et des produits plus lourds, jusqu&#8217;\u00e0 15 kg, avec des intervalles de 5 grammes.<\/span><\/p>\n","protected":false},"excerpt":{"rendered":"<ul>\n<li><span>\u00c9quilibre poids-prix-valeur.<\/span><\/li>\n<li><span>Poids en kg.<\/span><\/li>\n<li><span>Capacit\u00e9 de pes\u00e9e : 50 kg.<\/span><\/li>\n<li><span>Fraction : 5\/10 g.<\/span><\/li>\n<li><span>Homologation CE avec norme de v\u00e9rification.<\/span><\/li>\n<\/ul>\n","protected":false},"featured_media":10367,"comment_status":"closed","ping_status":"closed","template":"","meta":{"_bst_post_transparent":"","_bst_post_title":"","_bst_post_layout":"","_bst_post_sidebar_id":"","_bst_post_content_style":"","_bst_post_vertical_padding":"","_bst_post_feature":"","_bst_post_feature_position":"","_bst_post_header":false,"_bst_post_footer":false},"product_brand":[],"product_cat":[171,142],"product_tag":[],"product_brands":[],"class_list":{"0":"post-10368","1":"product","2":"type-product","3":"status-publish","4":"has-post-thumbnail","6":"product_cat-balance","7":"product_cat-electronique","9":"first","10":"instock","11":"shipping-taxable","12":"purchasable","13":"product-type-simple","14":"entry","15":"content-bg","16":"loop-entry"},"_links":{"self":[{"href":"https:\/\/anopri.com\/index.php?rest_route=\/wp\/v2\/product\/10368","targetHints":{"allow":["GET"]}}],"collection":[{"href":"https:\/\/anopri.com\/index.php?rest_route=\/wp\/v2\/product"}],"about":[{"href":"https:\/\/anopri.com\/index.php?rest_route=\/wp\/v2\/types\/product"}],"replies":[{"embeddable":true,"href":"https:\/\/anopri.com\/index.php?rest_route=%2Fwp%2Fv2%2Fcomments&post=10368"}],"wp:featuredmedia":[{"embeddable":true,"href":"https:\/\/anopri.com\/index.php?rest_route=\/wp\/v2\/media\/10367"}],"wp:attachment":[{"href":"https:\/\/anopri.com\/index.php?rest_route=%2Fwp%2Fv2%2Fmedia&parent=10368"}],"wp:term":[{"taxonomy":"product_brand","embeddable":true,"href":"https:\/\/anopri.com\/index.php?rest_route=%2Fwp%2Fv2%2Fproduct_brand&post=10368"},{"taxonomy":"product_cat","embeddable":true,"href":"https:\/\/anopri.com\/index.php?rest_route=%2Fwp%2Fv2%2Fproduct_cat&post=10368"},{"taxonomy":"product_tag","embeddable":true,"href":"https:\/\/anopri.com\/index.php?rest_route=%2Fwp%2Fv2%2Fproduct_tag&post=10368"},{"taxonomy":"product_brands","embeddable":true,"href":"https:\/\/anopri.com\/index.php?rest_route=%2Fwp%2Fv2%2Fproduct_brands&post=10368"}],"curies":[{"name":"wp","href":"https:\/\/api.w.org\/{rel}","templated":true}]}}