{"id":10342,"date":"2026-04-25T17:25:04","date_gmt":"2026-04-25T17:25:04","guid":{"rendered":"https:\/\/anopri.com\/?product=seche-linge-pliable-3-niveaux"},"modified":"2026-04-25T17:25:04","modified_gmt":"2026-04-25T17:25:04","slug":"seche-linge-pliable-3-niveaux","status":"publish","type":"product","link":"https:\/\/anopri.com\/?product=seche-linge-pliable-3-niveaux","title":{"rendered":"S\u00e8che-linge pliable &#8211; (3 niveaux)"},"content":{"rendered":"<p>Vous pouvez installer ce s\u00e9choir \u00e0 linge sur votre balcon, salle de bain, buanderie, placards, armoire ou pr\u00e8s de la fen\u00eatre de votre chambre. Les endroits spacieux et \u00e9troits sont acceptables. Si vous voulez laisser vos v\u00eatements s\u00e9cher plus au soleil, vous pouvez tourner le portant. S\u00e9chez les v\u00eatements par la fen\u00eatre.<br \/>\n* S\u00e9choir \u00e0 3 couches avec 2 ailes lat\u00e9rales<br \/>\n* Avec 6 \u00e9tag\u00e8res pliables<br \/>\n* Facile \u00e0 d\u00e9placer &#8211; avec 4 roulettes verrouillables<br \/>\n* Structure en acier, durable<br \/>\n* Peut \u00eatre utilis\u00e9 pour suspendre des v\u00eatements, des serviettes, de la literie, etc.<br \/>\n* Convient pour l&#8217;ext\u00e9rieur ou l&#8217;int\u00e9rieur<\/p>\n","protected":false},"excerpt":{"rendered":"<p>Vous pouvez installer ce s\u00e9choir \u00e0 linge sur votre balcon, salle de bain, buanderie, placards, armoire ou pr\u00e8s de la fen\u00eatre de votre chambre. Les endroits spacieux et \u00e9troits sont acceptables. Si vous voulez laisser vos v\u00eatements s\u00e9cher plus au soleil, vous pouvez tourner le portant. S\u00e9chez les v\u00eatements par la fen\u00eatre. * S\u00e9choir \u00e0&#8230;<\/p>\n","protected":false},"featured_media":10340,"comment_status":"closed","ping_status":"closed","template":"","meta":{"_bst_post_transparent":"","_bst_post_title":"","_bst_post_layout":"","_bst_post_sidebar_id":"","_bst_post_content_style":"","_bst_post_vertical_padding":"","_bst_post_feature":"","_bst_post_feature_position":"","_bst_post_header":false,"_bst_post_footer":false},"product_brand":[],"product_cat":[172,145,198],"product_tag":[],"product_brands":[],"class_list":{"0":"post-10342","1":"product","2":"type-product","3":"status-publish","4":"has-post-thumbnail","6":"product_cat-ameublement-decoration","7":"product_cat-electromenager","8":"product_cat-seche-linge","10":"first","11":"instock","12":"shipping-taxable","13":"purchasable","14":"product-type-simple","15":"entry","16":"content-bg","17":"loop-entry"},"_links":{"self":[{"href":"https:\/\/anopri.com\/index.php?rest_route=\/wp\/v2\/product\/10342","targetHints":{"allow":["GET"]}}],"collection":[{"href":"https:\/\/anopri.com\/index.php?rest_route=\/wp\/v2\/product"}],"about":[{"href":"https:\/\/anopri.com\/index.php?rest_route=\/wp\/v2\/types\/product"}],"replies":[{"embeddable":true,"href":"https:\/\/anopri.com\/index.php?rest_route=%2Fwp%2Fv2%2Fcomments&post=10342"}],"wp:featuredmedia":[{"embeddable":true,"href":"https:\/\/anopri.com\/index.php?rest_route=\/wp\/v2\/media\/10340"}],"wp:attachment":[{"href":"https:\/\/anopri.com\/index.php?rest_route=%2Fwp%2Fv2%2Fmedia&parent=10342"}],"wp:term":[{"taxonomy":"product_brand","embeddable":true,"href":"https:\/\/anopri.com\/index.php?rest_route=%2Fwp%2Fv2%2Fproduct_brand&post=10342"},{"taxonomy":"product_cat","embeddable":true,"href":"https:\/\/anopri.com\/index.php?rest_route=%2Fwp%2Fv2%2Fproduct_cat&post=10342"},{"taxonomy":"product_tag","embeddable":true,"href":"https:\/\/anopri.com\/index.php?rest_route=%2Fwp%2Fv2%2Fproduct_tag&post=10342"},{"taxonomy":"product_brands","embeddable":true,"href":"https:\/\/anopri.com\/index.php?rest_route=%2Fwp%2Fv2%2Fproduct_brands&post=10342"}],"curies":[{"name":"wp","href":"https:\/\/api.w.org\/{rel}","templated":true}]}}