{"id":10270,"date":"2026-04-25T17:24:39","date_gmt":"2026-04-25T17:24:39","guid":{"rendered":"https:\/\/anopri.com\/?product=fer-a-repasser-electrique-raf-r-1234g"},"modified":"2026-04-25T17:24:39","modified_gmt":"2026-04-25T17:24:39","slug":"fer-a-repasser-electrique-raf-r-1234g","status":"publish","type":"product","link":"https:\/\/anopri.com\/?product=fer-a-repasser-electrique-raf-r-1234g","title":{"rendered":"Fer a Repasser Electrique RAF R-1234G"},"content":{"rendered":"<p>Il est l\u00e9ger, bien construit et abordable. Le fer \u00e0 repasser RAF est con\u00e7u pour un usage fr\u00e9quent et quotidien car il est capable de g\u00e9rer efficacement la consommation d\u2019\u00e9nergie. Cela vous fait gagner du temps, emp\u00eache vos v\u00eatements d\u00e9licats de s\u2019agglutiner et rend l\u2019exp\u00e9rience de repassage beaucoup plus amusante.<\/p>\n","protected":false},"excerpt":{"rendered":"<p><strong>Type de Produit: Fer \u00e0 Repasser Electrique<\/strong><\/p>\n<p>Marque: RAF<\/p>\n<p>MODELE: R-1234G<\/p>\n<p>Semelle: C\u00e9ramique<\/p>\n<p>Puissance : 2200W<\/p>\n","protected":false},"featured_media":10269,"comment_status":"closed","ping_status":"closed","template":"","meta":{"_bst_post_transparent":"","_bst_post_title":"","_bst_post_layout":"","_bst_post_sidebar_id":"","_bst_post_content_style":"","_bst_post_vertical_padding":"","_bst_post_feature":"","_bst_post_feature_position":"","_bst_post_header":false,"_bst_post_footer":false},"product_brand":[],"product_cat":[145,159],"product_tag":[],"product_brands":[],"class_list":{"0":"post-10270","1":"product","2":"type-product","3":"status-publish","4":"has-post-thumbnail","6":"product_cat-electromenager","7":"product_cat-fer-a-repasser","9":"first","10":"instock","11":"shipping-taxable","12":"purchasable","13":"product-type-simple","14":"entry","15":"content-bg","16":"loop-entry"},"_links":{"self":[{"href":"https:\/\/anopri.com\/index.php?rest_route=\/wp\/v2\/product\/10270","targetHints":{"allow":["GET"]}}],"collection":[{"href":"https:\/\/anopri.com\/index.php?rest_route=\/wp\/v2\/product"}],"about":[{"href":"https:\/\/anopri.com\/index.php?rest_route=\/wp\/v2\/types\/product"}],"replies":[{"embeddable":true,"href":"https:\/\/anopri.com\/index.php?rest_route=%2Fwp%2Fv2%2Fcomments&post=10270"}],"wp:featuredmedia":[{"embeddable":true,"href":"https:\/\/anopri.com\/index.php?rest_route=\/wp\/v2\/media\/10269"}],"wp:attachment":[{"href":"https:\/\/anopri.com\/index.php?rest_route=%2Fwp%2Fv2%2Fmedia&parent=10270"}],"wp:term":[{"taxonomy":"product_brand","embeddable":true,"href":"https:\/\/anopri.com\/index.php?rest_route=%2Fwp%2Fv2%2Fproduct_brand&post=10270"},{"taxonomy":"product_cat","embeddable":true,"href":"https:\/\/anopri.com\/index.php?rest_route=%2Fwp%2Fv2%2Fproduct_cat&post=10270"},{"taxonomy":"product_tag","embeddable":true,"href":"https:\/\/anopri.com\/index.php?rest_route=%2Fwp%2Fv2%2Fproduct_tag&post=10270"},{"taxonomy":"product_brands","embeddable":true,"href":"https:\/\/anopri.com\/index.php?rest_route=%2Fwp%2Fv2%2Fproduct_brands&post=10270"}],"curies":[{"name":"wp","href":"https:\/\/api.w.org\/{rel}","templated":true}]}}