{"id":10233,"date":"2026-04-25T17:24:24","date_gmt":"2026-04-25T17:24:24","guid":{"rendered":"https:\/\/anopri.com\/?product=bouilloire-electrique-smart-germany-zl-7771"},"modified":"2026-04-25T17:24:24","modified_gmt":"2026-04-25T17:24:24","slug":"bouilloire-electrique-smart-germany-zl-7771","status":"publish","type":"product","link":"https:\/\/anopri.com\/?product=bouilloire-electrique-smart-germany-zl-7771","title":{"rendered":"Bouilloire \u00e9lectrique SMART GERMANY ZL-7771"},"content":{"rendered":"<p>La bouilloire laconique et ergonomique dans un bo\u00eetier en acier inoxydable est cr\u00e9\u00e9e pour ceux qui appr\u00e9cient le design et la qualit\u00e9. Il poss\u00e8de un volume de 1,8 litre et une grande fen\u00eatre indicatrice de niveau d&#8217;eau pour d\u00e9terminer facilement sa quantit\u00e9. La commodit\u00e9 d&#8217;utilisation et d&#8217;entretien de la bouilloire est ajout\u00e9e par le couvercle qui s&#8217;ouvre automatiquement, un \u00e9l\u00e9ment chauffant cach\u00e9, un filtre anticalcaire int\u00e9gr\u00e9 et un contr\u00f4leur de protection qui \u00e9teindra la bouilloire apr\u00e8s avoir fait bouillir l&#8217;eau.<\/p>\n","protected":false},"excerpt":{"rendered":"<ul>\n<li><span>Mat\u00e9riau du corps : M\u00e9tal<\/span><\/li>\n<li><span>\u00c9chelle de niveau d&#8217;eau\u00a0: Avec une \u00e9chelle<\/span><\/li>\n<li><span>Volume, l: 1,8<\/span><\/li>\n<li><span>Protection\u00a0: Arr\u00eat une fois retir\u00e9 de la base<\/span><\/li>\n<li><span>\u00c9quipement : Avec un filtre anticalcaire<\/span><\/li>\n<li><span>Couverture : Non amovible<\/span><\/li>\n<li><span>Type\u00a0: Normal<\/span><\/li>\n<li><span>Type de filtre anticalcaire : Amovible<\/span><\/li>\n<li><span>Base : Avec compartiment pour c\u00e2bles<\/span><\/li>\n<li><span>Type d&#8217;\u00e9l\u00e9ment chauffant : Cach\u00e9 (disque)<\/span><\/li>\n<li><span>Longueur du c\u00e2ble, m\u00a0: 0,75<\/span><\/li>\n<li><span>Puissance 1500 W<\/span><\/li>\n<li><span>Couleur: Acier inoxydable<\/span><\/li>\n<\/ul>\n","protected":false},"featured_media":10230,"comment_status":"closed","ping_status":"closed","template":"","meta":{"_bst_post_transparent":"","_bst_post_title":"","_bst_post_layout":"","_bst_post_sidebar_id":"","_bst_post_content_style":"","_bst_post_vertical_padding":"","_bst_post_feature":"","_bst_post_feature_position":"","_bst_post_header":false,"_bst_post_footer":false},"product_brand":[],"product_cat":[155],"product_tag":[],"product_brands":[],"class_list":{"0":"post-10233","1":"product","2":"type-product","3":"status-publish","4":"has-post-thumbnail","6":"product_cat-bouilloire-electrique","8":"first","9":"instock","10":"shipping-taxable","11":"purchasable","12":"product-type-simple","13":"entry","14":"content-bg","15":"loop-entry"},"_links":{"self":[{"href":"https:\/\/anopri.com\/index.php?rest_route=\/wp\/v2\/product\/10233","targetHints":{"allow":["GET"]}}],"collection":[{"href":"https:\/\/anopri.com\/index.php?rest_route=\/wp\/v2\/product"}],"about":[{"href":"https:\/\/anopri.com\/index.php?rest_route=\/wp\/v2\/types\/product"}],"replies":[{"embeddable":true,"href":"https:\/\/anopri.com\/index.php?rest_route=%2Fwp%2Fv2%2Fcomments&post=10233"}],"wp:featuredmedia":[{"embeddable":true,"href":"https:\/\/anopri.com\/index.php?rest_route=\/wp\/v2\/media\/10230"}],"wp:attachment":[{"href":"https:\/\/anopri.com\/index.php?rest_route=%2Fwp%2Fv2%2Fmedia&parent=10233"}],"wp:term":[{"taxonomy":"product_brand","embeddable":true,"href":"https:\/\/anopri.com\/index.php?rest_route=%2Fwp%2Fv2%2Fproduct_brand&post=10233"},{"taxonomy":"product_cat","embeddable":true,"href":"https:\/\/anopri.com\/index.php?rest_route=%2Fwp%2Fv2%2Fproduct_cat&post=10233"},{"taxonomy":"product_tag","embeddable":true,"href":"https:\/\/anopri.com\/index.php?rest_route=%2Fwp%2Fv2%2Fproduct_tag&post=10233"},{"taxonomy":"product_brands","embeddable":true,"href":"https:\/\/anopri.com\/index.php?rest_route=%2Fwp%2Fv2%2Fproduct_brands&post=10233"}],"curies":[{"name":"wp","href":"https:\/\/api.w.org\/{rel}","templated":true}]}}