{"id":10213,"date":"2026-04-25T17:24:19","date_gmt":"2026-04-25T17:24:19","guid":{"rendered":"https:\/\/anopri.com\/?product=nettoyeur-haute-pression-electrique-sans-fil-21v-160w-25-bars"},"modified":"2026-04-25T17:24:19","modified_gmt":"2026-04-25T17:24:19","slug":"nettoyeur-haute-pression-electrique-sans-fil-21v-160w-25-bars","status":"publish","type":"product","link":"https:\/\/anopri.com\/?product=nettoyeur-haute-pression-electrique-sans-fil-21v-160w-25-bars","title":{"rendered":"Nettoyeur haute pression \u00e9lectrique Sans Fil 21V-160w- 25 bars"},"content":{"rendered":"<p><strong>Le corps du pistolet<\/strong>\u00a0est fabriqu\u00e9 en plastique technique, solide et durable. La lance en mousse professionnelle combine un d\u00e9bit d&#8217;eau \u00e0 haute pression m\u00e9lang\u00e9 avec du nettoyant et de l&#8217;air pour produire une mousse \u00e9paisse et adh\u00e9rente.<\/p>\n<p>La laveuse portable sans fil 21V fournit jusqu&#8217;\u00e0 25 bars de pression, un d\u00e9bit d&#8217;eau nominal de 3L\/Min, c&#8217;est 2 fois plus de pression qu&#8217;un tuyau d&#8217;arrosage avec une buse, et beaucoup plus portable et pratique pour emporter le nettoyeur \u00e9lectrique n&#8217;importe o\u00f9 .<\/p>\n<p>C&#8217;est un nettoyeur haute pression l\u00e9ger et compact avec un puissant lithium 21V, longue dur\u00e9e de vie, plug and play, vous permet de l&#8217;utiliser n&#8217;importe o\u00f9 sans enroulement de fil.<\/p>\n<p>Livr\u00e9 avec un tuyau d&#8217;arrosage de 5 m de long vous permet de puiser de l&#8217;eau de n&#8217;importe quelle source d&#8217;eau douce comme une piscine, un lac ou un seau. Vous pouvez brancher un tuyau d&#8217;arrosage \u00e0 la maison ou m\u00eame une bouteille de 2L en d\u00e9placement.<\/p>\n<p>Il permet un rin\u00e7age long et puissant ou un arrosage de jardin, et avec une buse \u00e0 40 \u00b0 pour un large \u00e9ventail de lavages de surface de voiture, motif de jet variable, de la pointe du crayon au jet en \u00e9ventail. Nettoyage de voiture rapide et sans effort. Parfait pour le nettoyage des voitures, le lavage des vitres, les all\u00e9es, les toits, le lavage des rev\u00eatements.<\/p>\n<p>Le forfait comprend un pot en mousse pour un lavage pratique. Une bo\u00eete de filtration pour tuyau \u00e0 haute efficacit\u00e9 et filtration en profondeur, double filtration en profondeur des impuret\u00e9s dans l&#8217;eau, longue dur\u00e9e de vie de la pompe de protection.<\/p>\n","protected":false},"excerpt":{"rendered":"<p>Le corps du pistolet\u00a0est fabriqu\u00e9 en plastique technique, solide et durable. La lance en mousse professionnelle combine un d\u00e9bit d&#8217;eau \u00e0 haute pression m\u00e9lang\u00e9 avec du nettoyant et de l&#8217;air pour produire une mousse \u00e9paisse et adh\u00e9rente. La laveuse portable sans fil 21V fournit jusqu&#8217;\u00e0 25 bars de pression, un d\u00e9bit d&#8217;eau nominal de 3L\/Min,&#8230;<\/p>\n","protected":false},"featured_media":10210,"comment_status":"closed","ping_status":"closed","template":"","meta":{"_bst_post_transparent":"","_bst_post_title":"","_bst_post_layout":"","_bst_post_sidebar_id":"","_bst_post_content_style":"","_bst_post_vertical_padding":"","_bst_post_feature":"","_bst_post_feature_position":"","_bst_post_header":false,"_bst_post_footer":false},"product_brand":[],"product_cat":[156],"product_tag":[],"product_brands":[],"class_list":{"0":"post-10213","1":"product","2":"type-product","3":"status-publish","4":"has-post-thumbnail","6":"product_cat-outillages-et-petits-materiels-a-main","8":"first","9":"instock","10":"sale","11":"shipping-taxable","12":"purchasable","13":"product-type-simple","14":"entry","15":"content-bg","16":"loop-entry"},"_links":{"self":[{"href":"https:\/\/anopri.com\/index.php?rest_route=\/wp\/v2\/product\/10213","targetHints":{"allow":["GET"]}}],"collection":[{"href":"https:\/\/anopri.com\/index.php?rest_route=\/wp\/v2\/product"}],"about":[{"href":"https:\/\/anopri.com\/index.php?rest_route=\/wp\/v2\/types\/product"}],"replies":[{"embeddable":true,"href":"https:\/\/anopri.com\/index.php?rest_route=%2Fwp%2Fv2%2Fcomments&post=10213"}],"wp:featuredmedia":[{"embeddable":true,"href":"https:\/\/anopri.com\/index.php?rest_route=\/wp\/v2\/media\/10210"}],"wp:attachment":[{"href":"https:\/\/anopri.com\/index.php?rest_route=%2Fwp%2Fv2%2Fmedia&parent=10213"}],"wp:term":[{"taxonomy":"product_brand","embeddable":true,"href":"https:\/\/anopri.com\/index.php?rest_route=%2Fwp%2Fv2%2Fproduct_brand&post=10213"},{"taxonomy":"product_cat","embeddable":true,"href":"https:\/\/anopri.com\/index.php?rest_route=%2Fwp%2Fv2%2Fproduct_cat&post=10213"},{"taxonomy":"product_tag","embeddable":true,"href":"https:\/\/anopri.com\/index.php?rest_route=%2Fwp%2Fv2%2Fproduct_tag&post=10213"},{"taxonomy":"product_brands","embeddable":true,"href":"https:\/\/anopri.com\/index.php?rest_route=%2Fwp%2Fv2%2Fproduct_brands&post=10213"}],"curies":[{"name":"wp","href":"https:\/\/api.w.org\/{rel}","templated":true}]}}