{"id":10200,"date":"2026-04-25T17:24:17","date_gmt":"2026-04-25T17:24:17","guid":{"rendered":"https:\/\/anopri.com\/?product=micro-onde-avec-grill-oscar-ag720-20-litres-700-watts"},"modified":"2026-04-25T17:24:17","modified_gmt":"2026-04-25T17:24:17","slug":"micro-onde-avec-grill-oscar-ag720-20-litres-700-watts","status":"publish","type":"product","link":"https:\/\/anopri.com\/?product=micro-onde-avec-grill-oscar-ag720-20-litres-700-watts","title":{"rendered":"Micro onde avec Grill Oscar &#8211; AG720 &#8211; 20 Litres &#8211; 700 Watts"},"content":{"rendered":"<h3>\u00a0 \u00a0 Le micro-onde avec grill de la marque Oscar, du mod\u00e8le AG720 est un appareil de cuisine pratique et efficace pour r\u00e9chauffer, d\u00e9congeler et cuire vos aliments rapidement. Avec une capacit\u00e9 de 20 litres et une puissance de 700 watts, cet appareil est id\u00e9al pour les petites familles et les \u00e9tudiants.<\/h3>\n","protected":false},"excerpt":{"rendered":"<ul>\n<li>&#8211; Type de produit:\u00a0Micro onde avec grill<\/li>\n<li>&#8211; Marque:\u00a0Oscar<\/li>\n<li>&#8211; Reference:\u00a0AG720<\/li>\n<li>&#8211; Couleur:\u00a0Argent<\/li>\n<li>&#8211; Capacit\u00e9:\u00a020 Litres<\/li>\n<li>&#8211; Puissance:\u00a0700 watts<\/li>\n<li>&#8211; D\u00e9givrage en point et en temps<\/li>\n<li>&#8211; Cuisson rapide<\/li>\n<li>&#8211; Tension:\u00a0230 V<\/li>\n<li>&#8211; Frequence:\u00a050Hz<\/li>\n<li>&#8211; D\u00e9cong\u00e9lation en poids et temps<\/li>\n<li>&#8211; Programmation rapide 30 sec<\/li>\n<li>&#8211; Affichage digital<\/li>\n<li>&#8211; Garantie :\u00a006 mois<\/li>\n<\/ul>\n","protected":false},"featured_media":10197,"comment_status":"open","ping_status":"closed","template":"","meta":{"_bst_post_transparent":"","_bst_post_title":"","_bst_post_layout":"","_bst_post_sidebar_id":"","_bst_post_content_style":"","_bst_post_vertical_padding":"","_bst_post_feature":"","_bst_post_feature_position":"","_bst_post_header":false,"_bst_post_footer":false},"product_brand":[],"product_cat":[154],"product_tag":[],"product_brands":[],"class_list":{"0":"post-10200","1":"product","2":"type-product","3":"status-publish","4":"has-post-thumbnail","6":"product_cat-micro-onde-fours","8":"first","9":"instock","10":"shipping-taxable","11":"purchasable","12":"product-type-simple","13":"entry","14":"content-bg","15":"loop-entry"},"_links":{"self":[{"href":"https:\/\/anopri.com\/index.php?rest_route=\/wp\/v2\/product\/10200","targetHints":{"allow":["GET"]}}],"collection":[{"href":"https:\/\/anopri.com\/index.php?rest_route=\/wp\/v2\/product"}],"about":[{"href":"https:\/\/anopri.com\/index.php?rest_route=\/wp\/v2\/types\/product"}],"replies":[{"embeddable":true,"href":"https:\/\/anopri.com\/index.php?rest_route=%2Fwp%2Fv2%2Fcomments&post=10200"}],"wp:featuredmedia":[{"embeddable":true,"href":"https:\/\/anopri.com\/index.php?rest_route=\/wp\/v2\/media\/10197"}],"wp:attachment":[{"href":"https:\/\/anopri.com\/index.php?rest_route=%2Fwp%2Fv2%2Fmedia&parent=10200"}],"wp:term":[{"taxonomy":"product_brand","embeddable":true,"href":"https:\/\/anopri.com\/index.php?rest_route=%2Fwp%2Fv2%2Fproduct_brand&post=10200"},{"taxonomy":"product_cat","embeddable":true,"href":"https:\/\/anopri.com\/index.php?rest_route=%2Fwp%2Fv2%2Fproduct_cat&post=10200"},{"taxonomy":"product_tag","embeddable":true,"href":"https:\/\/anopri.com\/index.php?rest_route=%2Fwp%2Fv2%2Fproduct_tag&post=10200"},{"taxonomy":"product_brands","embeddable":true,"href":"https:\/\/anopri.com\/index.php?rest_route=%2Fwp%2Fv2%2Fproduct_brands&post=10200"}],"curies":[{"name":"wp","href":"https:\/\/api.w.org\/{rel}","templated":true}]}}