{"id":10181,"date":"2026-04-25T17:24:14","date_gmt":"2026-04-25T17:24:14","guid":{"rendered":"https:\/\/anopri.com\/?product=refrigerateur-2-portes-oscar-osc-r325s-275l"},"modified":"2026-04-25T17:24:14","modified_gmt":"2026-04-25T17:24:14","slug":"refrigerateur-2-portes-oscar-osc-r325s-275l","status":"publish","type":"product","link":"https:\/\/anopri.com\/?product=refrigerateur-2-portes-oscar-osc-r325s-275l","title":{"rendered":"R\u00e9frig\u00e9rateur 2 portes Oscar OSC-R325S &#8211; 275L"},"content":{"rendered":"<h4><span style=\"vertical-align: inherit;\"><span style=\"vertical-align: inherit;\">\u00a0 Avec une capacit\u00e9 de 275 litres, ce r\u00e9frig\u00e9rateur combin\u00e9 bien \u00e9clair\u00e9 convient \u00e0 une famille de 2 \u00e0 3 personnes. <\/span><span style=\"vertical-align: inherit;\">Disposant de 03 \u00e9tag\u00e8res en verre de rangement amovibles et interchangeables, d&#8217;un bac \u00e0 l\u00e9gumes\/fruits, ainsi que de 4 clayettes en verre dans la porte, le compartiment frigo vous permet de ranger vos provisions en fonction de leur nature. <\/span><span style=\"vertical-align: inherit;\">Vous ne serez pas g\u00ean\u00e9 par le bruit faible \u00e9mis par ce r\u00e9frig\u00e9rateur \u00e0 double portes, dont le niveau sonore est de 40 d\u00e9cibels, c&#8217;est-\u00e0-dire dans la moyenne des \u00e9lectrom\u00e9nagers.<\/span><\/span><\/h4>\n","protected":false},"excerpt":{"rendered":"<ul>\n<li><strong><span style=\"vertical-align: inherit;\"><span style=\"vertical-align: inherit;\">Type de produit :\u00a0<\/span><\/span><\/strong><span style=\"vertical-align: inherit;\"><span style=\"vertical-align: inherit;\"> R\u00e9frig\u00e9rateur<\/span><\/span><\/li>\n<li><strong><span style=\"vertical-align: inherit;\"><span style=\"vertical-align: inherit;\">\u00a0Marque :\u00a0<\/span><\/span><\/strong><span style=\"vertical-align: inherit;\"><span style=\"vertical-align: inherit;\"> Oscar<\/span><\/span><\/li>\n<li><strong><span style=\"vertical-align: inherit;\"><span style=\"vertical-align: inherit;\">\u00a0R\u00e9f\u00e9rence :\u00a0<\/span><\/span><\/strong><span style=\"vertical-align: inherit;\"><span style=\"vertical-align: inherit;\"> OSC-R325S<\/span><\/span><\/li>\n<li><strong><span style=\"vertical-align: inherit;\"><span style=\"vertical-align: inherit;\">\u00a0Couleur:\u00a0<\/span><\/span><\/strong><span style=\"vertical-align: inherit;\"><span style=\"vertical-align: inherit;\"> Gris clair<\/span><\/span><\/li>\n<li><strong><span style=\"vertical-align: inherit;\"><span style=\"vertical-align: inherit;\">\u00a0Capacit\u00e9 :\u00a0<\/span><\/span><\/strong><span style=\"vertical-align: inherit;\"><span style=\"vertical-align: inherit;\"> 275 Litres<\/span><\/span><\/li>\n<li><strong><span style=\"vertical-align: inherit;\"><span style=\"vertical-align: inherit;\">\u00a0Capacit\u00e9 du cong\u00e9lateur :\u00a0<\/span><\/span><\/strong><span style=\"vertical-align: inherit;\"><span style=\"vertical-align: inherit;\"> 213 Litres<\/span><\/span><\/li>\n<li><strong><span style=\"vertical-align: inherit;\"><span style=\"vertical-align: inherit;\">\u00a0Capacit\u00e9 du r\u00e9frig\u00e9rateur :\u00a0<\/span><\/span><\/strong><span style=\"vertical-align: inherit;\"><span style=\"vertical-align: inherit;\"> 62 Litres<\/span><\/span><\/li>\n<li><strong><span style=\"vertical-align: inherit;\"><span style=\"vertical-align: inherit;\">\u00a0Nombre de portes ou battants :<\/span><\/span><\/strong><span style=\"vertical-align: inherit;\"><span style=\"vertical-align: inherit;\"> \u00a02<\/span><\/span><\/li>\n<li><strong><span style=\"vertical-align: inherit;\"><span style=\"vertical-align: inherit;\">\u00a0\u00c9conomique en \u00e9nergie Classe \u00e9nerg\u00e9tique (A)<\/span><\/span><\/strong><\/li>\n<li><strong><span style=\"vertical-align: inherit;\"><span style=\"vertical-align: inherit;\">\u00a0Consommation potentielle annuelle :<\/span><\/span><\/strong><span style=\"vertical-align: inherit;\"><span style=\"vertical-align: inherit;\"> \u00a0230 Kw<\/span><\/span><\/li>\n<li><strong><span style=\"vertical-align: inherit;\"><span style=\"vertical-align: inherit;\">\u00a0Soneur nuisible faible\u00a0:\u00a0<\/span><\/span><\/strong><span style=\"vertical-align: inherit;\"><span style=\"vertical-align: inherit;\"> 40\u00a0dB<\/span><\/span><\/li>\n<li><strong><span style=\"vertical-align: inherit;\"><span style=\"vertical-align: inherit;\">\u00a0Type de gaz :\u00a0<\/span><\/span><\/strong><span style=\"vertical-align: inherit;\"><span style=\"vertical-align: inherit;\"> R600a de 56g<\/span><\/span><\/li>\n<li><strong><span style=\"vertical-align: inherit;\"><span style=\"vertical-align: inherit;\">\u00a0Tension :<\/span><\/span><\/strong><span style=\"vertical-align: inherit;\"><span style=\"vertical-align: inherit;\"> \u00a0220-240 V<\/span><\/span><\/li>\n<li><strong><span style=\"vertical-align: inherit;\"><span style=\"vertical-align: inherit;\">\u00a0Fr\u00e9quence :<\/span><\/span><\/strong><span style=\"vertical-align: inherit;\"><span style=\"vertical-align: inherit;\"> \u00a050Hz<\/span><\/span><\/li>\n<li><strong><span style=\"vertical-align: inherit;\"><span style=\"vertical-align: inherit;\">\u00a0courant nominal :\u00a0<\/span><\/span><\/strong><span style=\"vertical-align: inherit;\"><span style=\"vertical-align: inherit;\"> 0,7 (A)<\/span><\/span><\/li>\n<li><strong><span style=\"vertical-align: inherit;\"><span style=\"vertical-align: inherit;\">\u00a0Classe climatique :\u00a0<\/span><\/span><\/strong><span style=\"vertical-align: inherit;\"><span style=\"vertical-align: inherit;\"> ST\/T<\/span><\/span><\/li>\n<li><\/li>\n<\/ul>\n","protected":false},"featured_media":10177,"comment_status":"closed","ping_status":"closed","template":"","meta":{"_bst_post_transparent":"","_bst_post_title":"","_bst_post_layout":"","_bst_post_sidebar_id":"","_bst_post_content_style":"","_bst_post_vertical_padding":"","_bst_post_feature":"","_bst_post_feature_position":"","_bst_post_header":false,"_bst_post_footer":false},"product_brand":[],"product_cat":[145,157],"product_tag":[],"product_brands":[],"class_list":{"0":"post-10181","1":"product","2":"type-product","3":"status-publish","4":"has-post-thumbnail","6":"product_cat-electromenager","7":"product_cat-refrigerateur","9":"first","10":"instock","11":"shipping-taxable","12":"purchasable","13":"product-type-simple","14":"entry","15":"content-bg","16":"loop-entry"},"_links":{"self":[{"href":"https:\/\/anopri.com\/index.php?rest_route=\/wp\/v2\/product\/10181","targetHints":{"allow":["GET"]}}],"collection":[{"href":"https:\/\/anopri.com\/index.php?rest_route=\/wp\/v2\/product"}],"about":[{"href":"https:\/\/anopri.com\/index.php?rest_route=\/wp\/v2\/types\/product"}],"replies":[{"embeddable":true,"href":"https:\/\/anopri.com\/index.php?rest_route=%2Fwp%2Fv2%2Fcomments&post=10181"}],"wp:featuredmedia":[{"embeddable":true,"href":"https:\/\/anopri.com\/index.php?rest_route=\/wp\/v2\/media\/10177"}],"wp:attachment":[{"href":"https:\/\/anopri.com\/index.php?rest_route=%2Fwp%2Fv2%2Fmedia&parent=10181"}],"wp:term":[{"taxonomy":"product_brand","embeddable":true,"href":"https:\/\/anopri.com\/index.php?rest_route=%2Fwp%2Fv2%2Fproduct_brand&post=10181"},{"taxonomy":"product_cat","embeddable":true,"href":"https:\/\/anopri.com\/index.php?rest_route=%2Fwp%2Fv2%2Fproduct_cat&post=10181"},{"taxonomy":"product_tag","embeddable":true,"href":"https:\/\/anopri.com\/index.php?rest_route=%2Fwp%2Fv2%2Fproduct_tag&post=10181"},{"taxonomy":"product_brands","embeddable":true,"href":"https:\/\/anopri.com\/index.php?rest_route=%2Fwp%2Fv2%2Fproduct_brands&post=10181"}],"curies":[{"name":"wp","href":"https:\/\/api.w.org\/{rel}","templated":true}]}}

Réfrigérateur 2 portes Oscar OSC-R325S &#8211; 275L

<h4><span style="vertical-align: inherit;"><span style="vertical-align: inherit;">  Avec une capacité de 275 litres, ce réfrigérateur combiné bien éclairé convient à une famille de 2 à 3 personnes. </span><span style="vertical-align: inherit;">Disposant de 03 étagères en verre de rangement amovibles et interchangeables, d&#8217;un bac à légumes/fruits, ainsi que de 4 clayettes en verre dans la porte, le compartiment frigo vous permet de ranger vos provisions en fonction de leur nature. </span><span style="vertical-align: inherit;">Vous ne serez pas gêné par le bruit faible émis par ce réfrigérateur à double portes, dont le niveau sonore est de 40 décibels, c&#8217;est-à-dire dans la moyenne des électroménagers.</span></span></h4>

<ul>
<li><strong><span style="vertical-align: inherit;"><span style="vertical-align: inherit;">Type de produit : </span></span></strong><span style="vertical-align: inherit;"><span style="vertical-align: inherit;"> Réfrigérateur</span></span></li>
<li><strong><span style="vertical-align: inherit;"><span style="vertical-align: inherit;"> Marque : </span></span></strong><span style="vertical-align: inherit;"><span style="vertical-align: inherit;"> Oscar</span></span></li>
<li><strong><span style="vertical-align: inherit;"><span style="vertical-align: inherit;"> Référence : </span></span></strong><span style="vertical-align: inherit;"><span style="vertical-align: inherit;"> OSC-R325S</span></span></li>
<li><strong><span style="vertical-align: inherit;"><span style="vertical-align: inherit;"> Couleur: </span></span></strong><span style="vertical-align: inherit;"><span style="vertical-align: inherit;"> Gris clair</span></span></li>
<li><strong><span style="vertical-align: inherit;"><span style="vertical-align: inherit;"> Capacité : </span></span></strong><span style="vertical-align: inherit;"><span style="vertical-align: inherit;"> 275 Litres</span></span></li>
<li><strong><span style="vertical-align: inherit;"><span style="vertical-align: inherit;"> Capacité du congélateur : </span></span></strong><span style="vertical-align: inherit;"><span style="vertical-align: inherit;"> 213 Litres</span></span></li>
<li><strong><span style="vertical-align: inherit;"><span style="vertical-align: inherit;"> Capacité du réfrigérateur : </span></span></strong><span style="vertical-align: inherit;"><span style="vertical-align: inherit;"> 62 Litres</span></span></li>
<li><strong><span style="vertical-align: inherit;"><span style="vertical-align: inherit;"> Nombre de portes ou battants :</span></span></strong><span style="vertical-align: inherit;"><span style="vertical-align: inherit;">  2</span></span></li>
<li><strong><span style="vertical-align: inherit;"><span style="vertical-align: inherit;"> Économique en énergie Classe énergétique (A)</span></span></strong></li>
<li><strong><span style="vertical-align: inherit;"><span style="vertical-align: inherit;"> Consommation potentielle annuelle :</span></span></strong><span style="vertical-align: inherit;"><span style="vertical-align: inherit;">  230 Kw</span></span></li>
<li><strong><span style="vertical-align: inherit;"><span style="vertical-align: inherit;"> Soneur nuisible faible : </span></span></strong><span style="vertical-align: inherit;"><span style="vertical-align: inherit;"> 40 dB</span></span></li>
<li><strong><span style="vertical-align: inherit;"><span style="vertical-align: inherit;"> Type de gaz : </span></span></strong><span style="vertical-align: inherit;"><span style="vertical-align: inherit;"> R600a de 56g</span></span></li>
<li><strong><span style="vertical-align: inherit;"><span style="vertical-align: inherit;"> Tension :</span></span></strong><span style="vertical-align: inherit;"><span style="vertical-align: inherit;">  220-240 V</span></span></li>
<li><strong><span style="vertical-align: inherit;"><span style="vertical-align: inherit;"> Fréquence :</span></span></strong><span style="vertical-align: inherit;"><span style="vertical-align: inherit;">  50Hz</span></span></li>
<li><strong><span style="vertical-align: inherit;"><span style="vertical-align: inherit;"> courant nominal : </span></span></strong><span style="vertical-align: inherit;"><span style="vertical-align: inherit;"> 0,7 (A)</span></span></li>
<li><strong><span style="vertical-align: inherit;"><span style="vertical-align: inherit;"> Classe climatique : </span></span></strong><span style="vertical-align: inherit;"><span style="vertical-align: inherit;"> ST/T</span></span></li>
<li></li>
</ul>
