{"id":10152,"date":"2026-04-25T17:24:04","date_gmt":"2026-04-25T17:24:04","guid":{"rendered":"https:\/\/anopri.com\/?product=haut-parleur-professionnel-krypton-knms6059-portable-rechargeable-avec-micro-noir"},"modified":"2026-04-25T17:24:04","modified_gmt":"2026-04-25T17:24:04","slug":"haut-parleur-professionnel-krypton-knms6059-portable-rechargeable-avec-micro-noir","status":"publish","type":"product","link":"https:\/\/anopri.com\/?product=haut-parleur-professionnel-krypton-knms6059-portable-rechargeable-avec-micro-noir","title":{"rendered":"Haut-parleur professionnel Krypton-KNMS6059 -portable rechargeable avec micro &#8211; Noir"},"content":{"rendered":"<p>Haut-parleur de chariot rechargeable portable Krypton &#8211; Ce haut-parleur est id\u00e9al pour les f\u00eates et les grands rassemblements ou les grands espaces.\u00a0L&#8217;imp\u00e9dance : 40 ohms de sortie avec des basses suppl\u00e9mentaires vous \u00e9poustouflera.\u00a0Le micro sans fil peut \u00eatre utilis\u00e9 pour chanter avec de la musique ou faire des annonces.\u00a0De plus, ce haut-parleur poss\u00e8de \u00e9galement les fonctionnalit\u00e9s suppl\u00e9mentaires d&#8217;un port USB \u00e0 travers lequel vous pouvez \u00e9couter votre musique en connectant une cl\u00e9 USB, une fente Aux in pour connecter divers autres appareils multim\u00e9dias, un lecteur de carte SD avec lecture audio et radio FM.\u00a0Le haut-parleur a une batterie rechargeable int\u00e9gr\u00e9e.\u00a0Il peut \u00eatre utilis\u00e9 pour les activit\u00e9s de plein air, les campagnes publicitaires et les activit\u00e9s r\u00e9cr\u00e9atives.\u00a0Il est con\u00e7u avec innovation et est d\u00e9cor\u00e9 avec des lumi\u00e8res de sc\u00e8ne Ball sur le dessus et un woofer \u00e0 LED pour cr\u00e9er l&#8217;ambiance d&#8217;une c\u00e9l\u00e9bration.\u00a0Une combinaison parfaite pour une f\u00eate.<\/p>\n","protected":false},"excerpt":{"rendered":"<table class=\"table\">\n<thead>\n<tr>\n<th class=\"specifchead\" colspan=\"2\">sp\u00e9cification<\/th>\n<\/tr>\n<\/thead>\n<tbody>\n<tr>\n<td class=\"specifcname\">Couleur<\/td>\n<td>Noir<\/td>\n<\/tr>\n<tr>\n<td class=\"specifcname\">Fabriqu\u00e9 en<\/td>\n<td>Chine<\/td>\n<\/tr>\n<\/tbody>\n<\/table>\n<table class=\"table\">\n<tbody>\n<tr>\n<td class=\"specifcname\">Taper<\/td>\n<td>Conf\u00e9rencier<\/td>\n<\/tr>\n<tr>\n<td class=\"specifcname\">Fonction<\/td>\n<td>USB et Bluetooth<\/td>\n<\/tr>\n<tr>\n<td class=\"specifcname\">Comprend<\/td>\n<td>T\u00e9l\u00e9commande et micro<\/td>\n<\/tr>\n<tr>\n<td class=\"specifcname\">Batterie<\/td>\n<td>1800MAH\/7.4V<\/td>\n<\/tr>\n<tr>\n<td class=\"specifcname\">Affichage LED<\/td>\n<td>Oui<\/td>\n<\/tr>\n<tr>\n<td class=\"specifcname\">Radio<\/td>\n<td>Oui<\/td>\n<\/tr>\n<tr>\n<td class=\"specifcname\">Bluetooth<\/td>\n<td>Oui<\/td>\n<\/tr>\n<tr>\n<td class=\"specifcname\">Haut-parleur de graves<\/td>\n<td>12 pouces<\/td>\n<\/tr>\n<tr>\n<td class=\"specifcname\">Rechargeable<\/td>\n<td>Oui<\/td>\n<\/tr>\n<tr>\n<td class=\"specifcname\">Pouvoir<\/td>\n<td>CA 110-240V 50\/60Hz<\/td>\n<\/tr>\n<tr>\n<td class=\"specifcname\">Imp\u00e9dance<\/td>\n<td>4 ohms<\/td>\n<\/tr>\n<\/tbody>\n<\/table>\n","protected":false},"featured_media":8105,"comment_status":"open","ping_status":"closed","template":"","meta":{"_bst_post_transparent":"","_bst_post_title":"","_bst_post_layout":"","_bst_post_sidebar_id":"","_bst_post_content_style":"","_bst_post_vertical_padding":"","_bst_post_feature":"","_bst_post_feature_position":"","_bst_post_header":false,"_bst_post_footer":false},"product_brand":[],"product_cat":[147,142,162],"product_tag":[],"product_brands":[],"class_list":{"0":"post-10152","1":"product","2":"type-product","3":"status-publish","4":"has-post-thumbnail","6":"product_cat-audio-hifi","7":"product_cat-electronique","8":"product_cat-enceinte-bluetooth","10":"first","11":"instock","12":"sale","13":"shipping-taxable","14":"purchasable","15":"product-type-simple","16":"entry","17":"content-bg","18":"loop-entry"},"_links":{"self":[{"href":"https:\/\/anopri.com\/index.php?rest_route=\/wp\/v2\/product\/10152","targetHints":{"allow":["GET"]}}],"collection":[{"href":"https:\/\/anopri.com\/index.php?rest_route=\/wp\/v2\/product"}],"about":[{"href":"https:\/\/anopri.com\/index.php?rest_route=\/wp\/v2\/types\/product"}],"replies":[{"embeddable":true,"href":"https:\/\/anopri.com\/index.php?rest_route=%2Fwp%2Fv2%2Fcomments&post=10152"}],"wp:featuredmedia":[{"embeddable":true,"href":"https:\/\/anopri.com\/index.php?rest_route=\/wp\/v2\/media\/8105"}],"wp:attachment":[{"href":"https:\/\/anopri.com\/index.php?rest_route=%2Fwp%2Fv2%2Fmedia&parent=10152"}],"wp:term":[{"taxonomy":"product_brand","embeddable":true,"href":"https:\/\/anopri.com\/index.php?rest_route=%2Fwp%2Fv2%2Fproduct_brand&post=10152"},{"taxonomy":"product_cat","embeddable":true,"href":"https:\/\/anopri.com\/index.php?rest_route=%2Fwp%2Fv2%2Fproduct_cat&post=10152"},{"taxonomy":"product_tag","embeddable":true,"href":"https:\/\/anopri.com\/index.php?rest_route=%2Fwp%2Fv2%2Fproduct_tag&post=10152"},{"taxonomy":"product_brands","embeddable":true,"href":"https:\/\/anopri.com\/index.php?rest_route=%2Fwp%2Fv2%2Fproduct_brands&post=10152"}],"curies":[{"name":"wp","href":"https:\/\/api.w.org\/{rel}","templated":true}]}}