{"id":10047,"date":"2026-04-25T17:22:06","date_gmt":"2026-04-25T17:22:06","guid":{"rendered":"https:\/\/anopri.com\/?product=ecouteurs-bluetooth-huawei-freebuds-se"},"modified":"2026-04-25T17:22:06","modified_gmt":"2026-04-25T17:22:06","slug":"ecouteurs-bluetooth-huawei-freebuds-se","status":"publish","type":"product","link":"https:\/\/anopri.com\/?product=ecouteurs-bluetooth-huawei-freebuds-se","title":{"rendered":"\u00c9couteurs Bluetooth HUAWEI FreeBuds SE"},"content":{"rendered":"<ul class=\"a-unordered-list a-vertical a-spacing-mini\">\n<li><span class=\"a-list-item\"><strong>\u00c9couteurs intra-auriculaires confortables<\/strong> : la conception intra-auriculaire HUAWEI FreeBuds SE a \u00e9t\u00e9 con\u00e7ue pour s&#8217;adapter aux contours de l&#8217;oreille externe et r\u00e9duire la pression sur le conduit auditif, offrant un ajustement respirant et l\u00e9ger.<\/span><\/li>\n<li><span class=\"a-list-item\"><strong>QUALIT\u00c9 SONORE Limpide.<\/strong>\u00a0Les \u00e9couteurs offrent une cascade immersive de sons, de textures et de vibrations, faisant des Freebuds SE le support id\u00e9al pour \u00e9couter votre musique pr\u00e9f\u00e9r\u00e9e.<\/span><\/li>\n<li><span class=\"a-list-item\"><strong>PUISSANCE LONGUE DUR\u00c9E 24 HEURES<\/strong> : Les \u00e9couteurs Bluetooth sans fil HUAWEI FreeBuds SE sont livr\u00e9s avec un \u00e9tui de chargement, qui offre jusqu&#8217;\u00e0 24 heures d&#8217;autonomie, pour une \u00e9coute facile quand vous le souhaitez.<\/span><\/li>\n<li><span class=\"a-list-item\"><strong>COMPATIBLE AVEC ANDROID &amp; IOS<\/strong> : En t\u00e9l\u00e9chargeant l&#8217;application HUAWEI AI Life (prise en charge sur HarmonyOS, Android et iOS), vous pouvez personnaliser les param\u00e8tres tactiles de votre HUAWEI FreeBuds SE tout en en profitant sur tous les appareils<\/span><\/li>\n<li><span class=\"a-list-item\"><strong>ANNULATION DU BRUIT D&#8217;APPEL<\/strong>\u00a0: la technologie \u00e0 double micro distingue la voix cible du bruit ambiant avec un haut niveau de pr\u00e9cision, afin de garantir que chaque appel est limpide, m\u00eame dans les zones encombr\u00e9es et bruyantes.<\/span><\/li>\n<\/ul>\n","protected":false},"excerpt":{"rendered":"<ul>\n<li><strong>Son de haute qualit\u00e9 Annulation active de bruit<\/strong><\/li>\n<li><strong>10 heures de lecture \u00a0continue\u00a0<\/strong><\/li>\n<li><strong>10 heures de charge \/ 4 heures d&#8217;audio<\/strong><\/li>\n<li><strong>Mode de sensibilisation<\/strong><\/li>\n<li><strong>Apple vocal annulation de bruit\u00a0<\/strong><\/li>\n<li><strong>mini taille , look moderne , confortable et stable<\/strong><\/li>\n<\/ul>\n","protected":false},"featured_media":7597,"comment_status":"open","ping_status":"closed","template":"","meta":{"_bst_post_transparent":"","_bst_post_title":"","_bst_post_layout":"","_bst_post_sidebar_id":"","_bst_post_content_style":"","_bst_post_vertical_padding":"","_bst_post_feature":"","_bst_post_feature_position":"","_bst_post_header":false,"_bst_post_footer":false},"product_brand":[],"product_cat":[183,142,141,152],"product_tag":[],"product_brands":[],"class_list":{"0":"post-10047","1":"product","2":"type-product","3":"status-publish","4":"has-post-thumbnail","6":"product_cat-ecouteurs-et-casque","7":"product_cat-electronique","8":"product_cat-produits-du-moment","9":"product_cat-telephones-accessoires","11":"first","12":"instock","13":"sale","14":"shipping-taxable","15":"purchasable","16":"product-type-simple","17":"entry","18":"content-bg","19":"loop-entry"},"_links":{"self":[{"href":"https:\/\/anopri.com\/index.php?rest_route=\/wp\/v2\/product\/10047","targetHints":{"allow":["GET"]}}],"collection":[{"href":"https:\/\/anopri.com\/index.php?rest_route=\/wp\/v2\/product"}],"about":[{"href":"https:\/\/anopri.com\/index.php?rest_route=\/wp\/v2\/types\/product"}],"replies":[{"embeddable":true,"href":"https:\/\/anopri.com\/index.php?rest_route=%2Fwp%2Fv2%2Fcomments&post=10047"}],"wp:featuredmedia":[{"embeddable":true,"href":"https:\/\/anopri.com\/index.php?rest_route=\/wp\/v2\/media\/7597"}],"wp:attachment":[{"href":"https:\/\/anopri.com\/index.php?rest_route=%2Fwp%2Fv2%2Fmedia&parent=10047"}],"wp:term":[{"taxonomy":"product_brand","embeddable":true,"href":"https:\/\/anopri.com\/index.php?rest_route=%2Fwp%2Fv2%2Fproduct_brand&post=10047"},{"taxonomy":"product_cat","embeddable":true,"href":"https:\/\/anopri.com\/index.php?rest_route=%2Fwp%2Fv2%2Fproduct_cat&post=10047"},{"taxonomy":"product_tag","embeddable":true,"href":"https:\/\/anopri.com\/index.php?rest_route=%2Fwp%2Fv2%2Fproduct_tag&post=10047"},{"taxonomy":"product_brands","embeddable":true,"href":"https:\/\/anopri.com\/index.php?rest_route=%2Fwp%2Fv2%2Fproduct_brands&post=10047"}],"curies":[{"name":"wp","href":"https:\/\/api.w.org\/{rel}","templated":true}]}}