{"id":10041,"date":"2026-04-25T17:22:04","date_gmt":"2026-04-25T17:22:04","guid":{"rendered":"https:\/\/anopri.com\/?product=barre-de-son-lg-300-w-sn4"},"modified":"2026-04-25T17:22:04","modified_gmt":"2026-04-25T17:22:04","slug":"barre-de-son-lg-300-w-sn4","status":"publish","type":"product","link":"https:\/\/anopri.com\/?product=barre-de-son-lg-300-w-sn4","title":{"rendered":"Barre de son LG 300 W SN4"},"content":{"rendered":"<p>Vivez une\u00a0<strong>exp\u00e9rience sonore<\/strong>\u00a0sans pr\u00e9cedent gr\u00e2ce \u00e0 la technologie des\u00a0<strong>barres de son LG<\/strong>. Avec sa\u00a0<strong>puissance sonore<\/strong>\u00a0et son\u00a0<strong>design \u00e9legant<\/strong>, cette barre de son est le\u00a0<strong>compagnon id\u00e9al<\/strong>\u00a0pour votre TV.<\/p>\n<ul class=\"feature-list on\">\n<li>Bluetooth, une connectivit\u00e9 simplifi\u00e9e<\/li>\n<li>Caisson de basses sans fil<\/li>\n<li>AI Sound Pro, un son adapt\u00e9 \u00e0 ce que vous regardez<\/li>\n<li>Connectique HDMI ARC et Optique<\/li>\n<li>Un son immersif<\/li>\n<\/ul>\n","protected":false},"excerpt":{"rendered":"<table id=\"product-attribute-specs-table\" class=\"prodItem__additional-table\" style=\"height: 306px;\" width=\"585\">\n<tbody>\n<tr>\n<td><strong>Marque<\/strong><\/td>\n<td>LG<\/td>\n<\/tr>\n<tr>\n<td><strong>Puissance (W)<\/strong><\/td>\n<td>300 W<\/td>\n<\/tr>\n<tr>\n<td><strong>Tuner<\/strong><\/td>\n<td>0<\/td>\n<\/tr>\n<tr>\n<td><strong>Connectiques<\/strong><\/td>\n<td>Entr\u00e9e optique, Entr\u00e9e HDMI, Sortie HDMI, HDMI ARC, USB<\/td>\n<\/tr>\n<tr>\n<td><strong>Bluetooth<\/strong><\/td>\n<td>Oui<\/td>\n<\/tr>\n<tr>\n<td><strong>D\u00e9codeur<\/strong><\/td>\n<td>DOLBY DIGITAL, Dolby digital surround<\/td>\n<\/tr>\n<tr>\n<td><strong>Caisson de basses<\/strong><\/td>\n<td>Sans fil<\/td>\n<\/tr>\n<tr>\n<td><strong>Type de caisson de basse<\/strong><\/td>\n<td>caisson de basse sans fil<\/td>\n<\/tr>\n<tr>\n<td><strong>Entr\u00e9e HDMI<\/strong><\/td>\n<td>1<\/td>\n<\/tr>\n<tr>\n<td><strong>Sortie HDMI<\/strong><\/td>\n<td>1<\/td>\n<\/tr>\n<tr>\n<td><strong>Entr\u00e9e optique<\/strong><\/td>\n<td>1<\/td>\n<\/tr>\n<tr>\n<td><strong>Accessoires<\/strong><\/td>\n<td>T\u00e9l\u00e9commande infrarouge, piles incluses, fixation murale<\/td>\n<\/tr>\n<\/tbody>\n<\/table>\n","protected":false},"featured_media":10037,"comment_status":"closed","ping_status":"closed","template":"","meta":{"_bst_post_transparent":"","_bst_post_title":"","_bst_post_layout":"","_bst_post_sidebar_id":"","_bst_post_content_style":"","_bst_post_vertical_padding":"","_bst_post_feature":"","_bst_post_feature_position":"","_bst_post_header":false,"_bst_post_footer":false},"product_brand":[],"product_cat":[147,165,142],"product_tag":[],"product_brands":[],"class_list":{"0":"post-10041","1":"product","2":"type-product","3":"status-publish","4":"has-post-thumbnail","6":"product_cat-audio-hifi","7":"product_cat-barre-de-son","8":"product_cat-electronique","10":"first","11":"instock","12":"sale","13":"shipping-taxable","14":"purchasable","15":"product-type-simple","16":"entry","17":"content-bg","18":"loop-entry"},"_links":{"self":[{"href":"https:\/\/anopri.com\/index.php?rest_route=\/wp\/v2\/product\/10041","targetHints":{"allow":["GET"]}}],"collection":[{"href":"https:\/\/anopri.com\/index.php?rest_route=\/wp\/v2\/product"}],"about":[{"href":"https:\/\/anopri.com\/index.php?rest_route=\/wp\/v2\/types\/product"}],"replies":[{"embeddable":true,"href":"https:\/\/anopri.com\/index.php?rest_route=%2Fwp%2Fv2%2Fcomments&post=10041"}],"wp:featuredmedia":[{"embeddable":true,"href":"https:\/\/anopri.com\/index.php?rest_route=\/wp\/v2\/media\/10037"}],"wp:attachment":[{"href":"https:\/\/anopri.com\/index.php?rest_route=%2Fwp%2Fv2%2Fmedia&parent=10041"}],"wp:term":[{"taxonomy":"product_brand","embeddable":true,"href":"https:\/\/anopri.com\/index.php?rest_route=%2Fwp%2Fv2%2Fproduct_brand&post=10041"},{"taxonomy":"product_cat","embeddable":true,"href":"https:\/\/anopri.com\/index.php?rest_route=%2Fwp%2Fv2%2Fproduct_cat&post=10041"},{"taxonomy":"product_tag","embeddable":true,"href":"https:\/\/anopri.com\/index.php?rest_route=%2Fwp%2Fv2%2Fproduct_tag&post=10041"},{"taxonomy":"product_brands","embeddable":true,"href":"https:\/\/anopri.com\/index.php?rest_route=%2Fwp%2Fv2%2Fproduct_brands&post=10041"}],"curies":[{"name":"wp","href":"https:\/\/api.w.org\/{rel}","templated":true}]}}