{"id":10025,"date":"2026-04-25T17:22:00","date_gmt":"2026-04-25T17:22:00","guid":{"rendered":"https:\/\/anopri.com\/?product=iphone-xr-128-3"},"modified":"2026-04-25T17:22:00","modified_gmt":"2026-04-25T17:22:00","slug":"iphone-xr-128-3","status":"publish","type":"product","link":"https:\/\/anopri.com\/?product=iphone-xr-128-3","title":{"rendered":"IPHONE Xr-128\/3"},"content":{"rendered":"<p style=\"text-align: left;\">La marque \u00e0 la pomme a encore frapp\u00e9 avec son mod\u00e8le surprise tant le public s&#8217;attendait au iphone 11 apr\u00e8s le\u00a0<strong><a href=\"https:\/\/iziway.cm\/apple-iphone-x-58-64go-rom-3go-rom-2900-mah-face-id-noir-06-mois-de-garantie\">iphone X<\/a>\u00a0.\u00a0<\/strong>Les affid\u00e9s d&#8217;apple ont droit \u00e0 une coque en aluminium au lieu de l&#8217;inox comme sur les derniers mod\u00e8les, dont les bandes de la m\u00eame mati\u00e8re sont de qualit\u00e9 &#8220;a\u00e9rospatiale&#8221; de s\u00e9rie 7000. L&#8217;arri\u00e8re recouvert de verre, en plus de faciliter une recharge sans fil, permet une meilleure prise en main avec sa taille de 150,0mmx75,4mmx8,3mm et son poids de 194 grammes.<\/p>\n<p style=\"text-align: left;\">C\u00f4t\u00e9 face, le smartphone de la firme de Cupertino n\u2019a pas m\u00e9nag\u00e9 ses efforts en mati\u00e8re de performances. Les utilisateurs b\u00e9n\u00e9ficient d\u2019un \u00e9cran LCD multi-touch avec technologie IPS Liquid Retina sans bord de 6,1 pouces, de la derni\u00e8re camera TrueDepth. Horreur des traces de doigts sur vos \u00e9crans de t\u00e9l\u00e9phone\u00a0? Apple\u00a0 a pens\u00e9 \u00e0 vous avec un rev\u00eatement ol\u00e9ophobe contre les traces de doigts pour ne citer que \u00e7a. De plus, l\u2019Apple Xr est dot\u00e9 d\u2019une r\u00e9solution de 1792X 828 pixels \u00e0 326 ppp, un contraste standard de 1400\u00a0:1, une luminosit\u00e9 maximale de 625 nits. Autant dire que l\u2019affichage de vos vid\u00e9os et photos sont visibles peu importe l\u2019intensit\u00e9 de la luminosit\u00e9 \u00e0 laquelle vous faites face.<\/p>\n","protected":false},"excerpt":{"rendered":"<p><strong>&#8211; Type produit: T\u00e9l\u00e9phone<\/strong><\/p>\n<p><strong>&#8211; Cat\u00e9gorie: Electronique<\/strong><\/p>\n<p><strong>&#8211; Mod\u00e8le: Xr<\/strong><\/p>\n<p><strong>&#8211; Appareil photo: 12\/7 Mpx\u00a0<\/strong><\/p>\n<p><strong>&#8211; Couleur (Facultatif):<\/strong><\/p>\n<p><strong>&#8211; Taille \u00e9cran: 6,1 pouces<\/strong><\/p>\n<p><strong>&#8211; Connectivit\u00e9: bluetooth<\/strong><\/p>\n<p><strong>&#8211; R\u00e9seau: GSM<\/strong><\/p>\n<p><strong>&#8211; SIM: 1+ e-sim<\/strong><\/p>\n<p><strong>&#8211; M\u00e9moire ROM \/ Capacit\u00e9: 128G<\/strong><\/p>\n<p><strong>&#8211; M\u00e9moire RAM: 3Go<\/strong><\/p>\n<p><strong>&#8211; Batterie: 2942 Mah<\/strong><\/p>\n<p><strong>&#8211; Processeur:\u00a0Hexa-coeur\u00a0(2\u00d72.5 GHz Vortex + 4\u00d71.6 GHz Tempest)<\/strong><\/p>\n<p><strong>&#8211; Poids:196 G<\/strong><\/p>\n<p><strong>&#8211; Garantie: 03 mois\u00a0<\/strong><\/p>\n","protected":false},"featured_media":10022,"comment_status":"open","ping_status":"closed","template":"","meta":{"_bst_post_transparent":"","_bst_post_title":"","_bst_post_layout":"","_bst_post_sidebar_id":"","_bst_post_content_style":"","_bst_post_vertical_padding":"","_bst_post_feature":"","_bst_post_feature_position":"","_bst_post_header":false,"_bst_post_footer":false},"product_brand":[],"product_cat":[152],"product_tag":[],"product_brands":[],"class_list":{"0":"post-10025","1":"product","2":"type-product","3":"status-publish","4":"has-post-thumbnail","6":"product_cat-telephones-accessoires","8":"first","9":"instock","10":"shipping-taxable","11":"purchasable","12":"product-type-simple","13":"entry","14":"content-bg","15":"loop-entry"},"_links":{"self":[{"href":"https:\/\/anopri.com\/index.php?rest_route=\/wp\/v2\/product\/10025","targetHints":{"allow":["GET"]}}],"collection":[{"href":"https:\/\/anopri.com\/index.php?rest_route=\/wp\/v2\/product"}],"about":[{"href":"https:\/\/anopri.com\/index.php?rest_route=\/wp\/v2\/types\/product"}],"replies":[{"embeddable":true,"href":"https:\/\/anopri.com\/index.php?rest_route=%2Fwp%2Fv2%2Fcomments&post=10025"}],"wp:featuredmedia":[{"embeddable":true,"href":"https:\/\/anopri.com\/index.php?rest_route=\/wp\/v2\/media\/10022"}],"wp:attachment":[{"href":"https:\/\/anopri.com\/index.php?rest_route=%2Fwp%2Fv2%2Fmedia&parent=10025"}],"wp:term":[{"taxonomy":"product_brand","embeddable":true,"href":"https:\/\/anopri.com\/index.php?rest_route=%2Fwp%2Fv2%2Fproduct_brand&post=10025"},{"taxonomy":"product_cat","embeddable":true,"href":"https:\/\/anopri.com\/index.php?rest_route=%2Fwp%2Fv2%2Fproduct_cat&post=10025"},{"taxonomy":"product_tag","embeddable":true,"href":"https:\/\/anopri.com\/index.php?rest_route=%2Fwp%2Fv2%2Fproduct_tag&post=10025"},{"taxonomy":"product_brands","embeddable":true,"href":"https:\/\/anopri.com\/index.php?rest_route=%2Fwp%2Fv2%2Fproduct_brands&post=10025"}],"curies":[{"name":"wp","href":"https:\/\/api.w.org\/{rel}","templated":true}]}}