{"id":10012,"date":"2026-04-25T17:21:56","date_gmt":"2026-04-25T17:21:56","guid":{"rendered":"https:\/\/anopri.com\/?product=ventilateur-titi-12-box-fan-kyt-30a"},"modified":"2026-04-25T17:21:56","modified_gmt":"2026-04-25T17:21:56","slug":"ventilateur-titi-12-box-fan-kyt-30a","status":"publish","type":"product","link":"https:\/\/anopri.com\/?product=ventilateur-titi-12-box-fan-kyt-30a","title":{"rendered":"Ventilateur TITI 12&#8243; Box Fan KYT-30A"},"content":{"rendered":"<p><b>Rafra\u00eechissez-<\/b>vous, sentez-vous bien avec ce ventilateur\u00a0 au meilleur prix et recevez-le livr\u00e9 \u00e0 votre porte. Avec sa capacit\u00e9 de vous fournir le meilleur rafraichissement pendant les canicules, il est efficace toute l\u2019ann\u00e9e avec ses vitesses variables et adaptatives.<\/p>\n","protected":false},"excerpt":{"rendered":"<ul>\n<li>Marque: TITI<\/li>\n<li>Couleur: gris<\/li>\n<li>Durable.<\/li>\n<li>Num\u00e9ro de mod\u00e8le: KYT-30A.<\/li>\n<li>Mesures: 38 \u00d7 15 \u00d7 39cm.<\/li>\n<li>Poids: 2.5kg<\/li>\n<li>Tension: 220V.<\/li>\n<li>Fr\u00e9quence: 50Hz.<\/li>\n<\/ul>\n","protected":false},"featured_media":7509,"comment_status":"open","ping_status":"closed","template":"","meta":{"_bst_post_transparent":"","_bst_post_title":"","_bst_post_layout":"","_bst_post_sidebar_id":"","_bst_post_content_style":"","_bst_post_vertical_padding":"","_bst_post_feature":"","_bst_post_feature_position":"","_bst_post_header":false,"_bst_post_footer":false},"product_brand":[],"product_cat":[158],"product_tag":[],"product_brands":[],"class_list":{"0":"post-10012","1":"product","2":"type-product","3":"status-publish","4":"has-post-thumbnail","6":"product_cat-ventilateur","8":"first","9":"outofstock","10":"shipping-taxable","11":"purchasable","12":"product-type-simple","13":"entry","14":"content-bg","15":"loop-entry"},"_links":{"self":[{"href":"https:\/\/anopri.com\/index.php?rest_route=\/wp\/v2\/product\/10012","targetHints":{"allow":["GET"]}}],"collection":[{"href":"https:\/\/anopri.com\/index.php?rest_route=\/wp\/v2\/product"}],"about":[{"href":"https:\/\/anopri.com\/index.php?rest_route=\/wp\/v2\/types\/product"}],"replies":[{"embeddable":true,"href":"https:\/\/anopri.com\/index.php?rest_route=%2Fwp%2Fv2%2Fcomments&post=10012"}],"wp:featuredmedia":[{"embeddable":true,"href":"https:\/\/anopri.com\/index.php?rest_route=\/wp\/v2\/media\/7509"}],"wp:attachment":[{"href":"https:\/\/anopri.com\/index.php?rest_route=%2Fwp%2Fv2%2Fmedia&parent=10012"}],"wp:term":[{"taxonomy":"product_brand","embeddable":true,"href":"https:\/\/anopri.com\/index.php?rest_route=%2Fwp%2Fv2%2Fproduct_brand&post=10012"},{"taxonomy":"product_cat","embeddable":true,"href":"https:\/\/anopri.com\/index.php?rest_route=%2Fwp%2Fv2%2Fproduct_cat&post=10012"},{"taxonomy":"product_tag","embeddable":true,"href":"https:\/\/anopri.com\/index.php?rest_route=%2Fwp%2Fv2%2Fproduct_tag&post=10012"},{"taxonomy":"product_brands","embeddable":true,"href":"https:\/\/anopri.com\/index.php?rest_route=%2Fwp%2Fv2%2Fproduct_brands&post=10012"}],"curies":[{"name":"wp","href":"https:\/\/api.w.org\/{rel}","templated":true}]}}