{"id":10001,"date":"2026-04-25T17:21:54","date_gmt":"2026-04-25T17:21:54","guid":{"rendered":"https:\/\/anopri.com\/?product=mixeur-royaltronic-moulin-cafe-bol-plastique"},"modified":"2026-04-25T17:21:54","modified_gmt":"2026-04-25T17:21:54","slug":"mixeur-royaltronic-moulin-cafe-bol-plastique","status":"publish","type":"product","link":"https:\/\/anopri.com\/?product=mixeur-royaltronic-moulin-cafe-bol-plastique","title":{"rendered":"MIXEUR ROYALTRONIC + Moulin Caf\u00e9 \u2013 Bol plastique"},"content":{"rendered":"<p><span style=\"vertical-align: inherit;\"><span style=\"vertical-align: inherit;\">Blender Mixeur Royaltronic avec deux bols en plastique de 1200 Watts pour un m\u00e9lange parfait. <\/span><\/span><br \/>\n<span style=\"vertical-align: inherit;\"><span style=\"vertical-align: inherit;\">Blender Mixeur est un appareil \u00e9lectrom\u00e9nager de petite taille qui permet de m\u00e9langer vos fruits enfin d&#8217;obtenir des smoothies, des soupes et une texture parfaite. <\/span><span style=\"vertical-align: inherit;\">Ce m\u00e9langeur \u00e9lectrique embarque un moteur puissant de 1200 watts, un bol en plastique de 1,6 litre et des lames en acier inoxydable.<\/span><\/span><\/p>\n<p><span style=\"vertical-align: inherit;\"><span style=\"vertical-align: inherit;\">Le blender-mixeur Royaltronic contient une puissance de 1200 Watts qui vous permet de m\u00e9langer efficacement vos aliments enfin d&#8217;obtenir un r\u00e9sultat parfait au niveau de la texture. <\/span><span style=\"vertical-align: inherit;\">Ce mixeur 2 en 1 poss\u00e8de 3 vitesses que vous pouvez r\u00e9gler selon votre choix en fonction de la texture souhait\u00e9e.<\/span><\/span><\/p>\n<p><span style=\"vertical-align: inherit;\"><span style=\"vertical-align: inherit;\">Mixeur Royaltronic pas cher dispose de deux bols. <\/span><span style=\"vertical-align: inherit;\">Un grand bol en plastique d&#8217;une contenance de 1,6 litre et un petit bol (moulin \u00e0 caf\u00e9). <\/span><span style=\"vertical-align: inherit;\">Le bol en plastique 1,6l \u00e9crase tous les aliments qui sont mouill\u00e9s (tomates, condiments etc\u2026) avec pr\u00e9cision et rapidement. <\/span><span style=\"vertical-align: inherit;\">De plus, le moulin \u00e0 caf\u00e9 quant \u00e0 lui m\u00e9lange tous les aliments secs ( poivre blanc, caf\u00e9, etc\u2026). <\/span><span style=\"vertical-align: inherit;\">Avec cet ensemble de blendeur -mixeur Royaltronic cuisinez devient un r\u00e9el plaisir.<\/span><\/span><\/p>\n<p><span style=\"vertical-align: inherit;\"><span style=\"vertical-align: inherit;\">Il contient trois lames de qualit\u00e9 qui permettent d&#8217;\u00e9craser avec pr\u00e9cision et d\u00e9tails vos aliments. <\/span><span style=\"vertical-align: inherit;\">La mati\u00e8re de ses lames est en acier inoxydable. <\/span><span style=\"vertical-align: inherit;\">La conception de ses lames donne \u00e0 votre mixeur un m\u00e9lange parfait de la texture peu importer les aliments. <\/span><span style=\"vertical-align: inherit;\">Ses lames en acier facilitent la progression de la rouille et vous assurent une durabilit\u00e9 \u00e0 long terme.<\/span><\/span><\/p>\n","protected":false},"excerpt":{"rendered":"<h2><strong>Caract\u00e9ristiques\u00a0du produit :\u00a0<\/strong><\/h2>\n<p>&nbsp;<\/p>\n<ul>\n<li><span data-sheets-value=\"{&quot;1&quot;:2,&quot;2&quot;:&quot;Marque: SOKANY ( SOKANY )\\n\\nMat\u00e9riel: Plastique de qualit\u00e9 alimentaire\\n\\nCouleur: Noir\\n\\nEngins: 3\\n\\nTension: 220 240V\\n\\nCapacit\u00e9: 1.5 L\\n\\nPouvoir: 600w&quot;}\" data-sheets-userformat=\"{&quot;2&quot;:4737,&quot;3&quot;:{&quot;1&quot;:0},&quot;10&quot;:2,&quot;12&quot;:0,&quot;15&quot;:&quot;Arial&quot;}\"><strong>Type de produit :<\/strong>\u00a0Blender mixeur\u00a0<\/span><\/li>\n<li><span data-sheets-value=\"{&quot;1&quot;:2,&quot;2&quot;:&quot;Marque: SOKANY ( SOKANY )\\n\\nMat\u00e9riel: Plastique de qualit\u00e9 alimentaire\\n\\nCouleur: Noir\\n\\nEngins: 3\\n\\nTension: 220 240V\\n\\nCapacit\u00e9: 1.5 L\\n\\nPouvoir: 600w&quot;}\" data-sheets-userformat=\"{&quot;2&quot;:4737,&quot;3&quot;:{&quot;1&quot;:0},&quot;10&quot;:2,&quot;12&quot;:0,&quot;15&quot;:&quot;Arial&quot;}\"><strong>Marque:<\/strong>\u00a0Royaltronic<br \/>\n<\/span><\/li>\n<li><span data-sheets-value=\"{&quot;1&quot;:2,&quot;2&quot;:&quot;Marque: SOKANY ( SOKANY )\\n\\nMat\u00e9riel: Plastique de qualit\u00e9 alimentaire\\n\\nCouleur: Noir\\n\\nEngins: 3\\n\\nTension: 220 240V\\n\\nCapacit\u00e9: 1.5 L\\n\\nPouvoir: 600w&quot;}\" data-sheets-userformat=\"{&quot;2&quot;:4737,&quot;3&quot;:{&quot;1&quot;:0},&quot;10&quot;:2,&quot;12&quot;:0,&quot;15&quot;:&quot;Arial&quot;}\"><strong>Mat\u00e9riel: plastique<\/strong><br \/>\n<\/span><\/li>\n<li><span data-sheets-value=\"{&quot;1&quot;:2,&quot;2&quot;:&quot;Marque: SOKANY ( SOKANY )\\n\\nMat\u00e9riel: Plastique de qualit\u00e9 alimentaire\\n\\nCouleur: Noir\\n\\nEngins: 3\\n\\nTension: 220 240V\\n\\nCapacit\u00e9: 1.5 L\\n\\nPouvoir: 600w&quot;}\" data-sheets-userformat=\"{&quot;2&quot;:4737,&quot;3&quot;:{&quot;1&quot;:0},&quot;10&quot;:2,&quot;12&quot;:0,&quot;15&quot;:&quot;Arial&quot;}\"><strong>Couleur:<\/strong>\u00a0Noir<br \/>\n<\/span><\/li>\n<li><span data-sheets-value=\"{&quot;1&quot;:2,&quot;2&quot;:&quot;Marque: SOKANY ( SOKANY )\\n\\nMat\u00e9riel: Plastique de qualit\u00e9 alimentaire\\n\\nCouleur: Noir\\n\\nEngins: 3\\n\\nTension: 220 240V\\n\\nCapacit\u00e9: 1.5 L\\n\\nPouvoir: 600w&quot;}\" data-sheets-userformat=\"{&quot;2&quot;:4737,&quot;3&quot;:{&quot;1&quot;:0},&quot;10&quot;:2,&quot;12&quot;:0,&quot;15&quot;:&quot;Arial&quot;}\"><strong>Lames :<\/strong>\u00a03<br \/>\n<\/span><\/li>\n<li><span data-sheets-value=\"{&quot;1&quot;:2,&quot;2&quot;:&quot;Marque: SOKANY ( SOKANY )\\n\\nMat\u00e9riel: Plastique de qualit\u00e9 alimentaire\\n\\nCouleur: Noir\\n\\nEngins: 3\\n\\nTension: 220 240V\\n\\nCapacit\u00e9: 1.5 L\\n\\nPouvoir: 600w&quot;}\" data-sheets-userformat=\"{&quot;2&quot;:4737,&quot;3&quot;:{&quot;1&quot;:0},&quot;10&quot;:2,&quot;12&quot;:0,&quot;15&quot;:&quot;Arial&quot;}\"><strong>Mati\u00e8res des lames :<\/strong> Acier inoxydable\u00a0<\/span><\/li>\n<li><span data-sheets-value=\"{&quot;1&quot;:2,&quot;2&quot;:&quot;Marque: SOKANY ( SOKANY )\\n\\nMat\u00e9riel: Plastique de qualit\u00e9 alimentaire\\n\\nCouleur: Noir\\n\\nEngins: 3\\n\\nTension: 220 240V\\n\\nCapacit\u00e9: 1.5 L\\n\\nPouvoir: 600w&quot;}\" data-sheets-userformat=\"{&quot;2&quot;:4737,&quot;3&quot;:{&quot;1&quot;:0},&quot;10&quot;:2,&quot;12&quot;:0,&quot;15&quot;:&quot;Arial&quot;}\"><strong>Tension:<\/strong>220V-240V,<\/span><\/li>\n<li><span data-sheets-value=\"{&quot;1&quot;:2,&quot;2&quot;:&quot;Marque: SOKANY ( SOKANY )\\n\\nMat\u00e9riel: Plastique de qualit\u00e9 alimentaire\\n\\nCouleur: Noir\\n\\nEngins: 3\\n\\nTension: 220 240V\\n\\nCapacit\u00e9: 1.5 L\\n\\nPouvoir: 600w&quot;}\" data-sheets-userformat=\"{&quot;2&quot;:4737,&quot;3&quot;:{&quot;1&quot;:0},&quot;10&quot;:2,&quot;12&quot;:0,&quot;15&quot;:&quot;Arial&quot;}\"><strong>Fr\u00e9quence :<\/strong>\u00a050-60Hz<br \/>\n<\/span><\/li>\n<li><span data-sheets-value=\"{&quot;1&quot;:2,&quot;2&quot;:&quot;Marque: SOKANY ( SOKANY )\\n\\nMat\u00e9riel: Plastique de qualit\u00e9 alimentaire\\n\\nCouleur: Noir\\n\\nEngins: 3\\n\\nTension: 220 240V\\n\\nCapacit\u00e9: 1.5 L\\n\\nPouvoir: 600w&quot;}\" data-sheets-userformat=\"{&quot;2&quot;:4737,&quot;3&quot;:{&quot;1&quot;:0},&quot;10&quot;:2,&quot;12&quot;:0,&quot;15&quot;:&quot;Arial&quot;}\"><strong>Verseuse PS :<\/strong> 1.6L<\/span><\/li>\n<li><span data-sheets-value=\"{&quot;1&quot;:2,&quot;2&quot;:&quot;Marque: SOKANY ( SOKANY )\\n\\nMat\u00e9riel: Plastique de qualit\u00e9 alimentaire\\n\\nCouleur: Noir\\n\\nEngins: 3\\n\\nTension: 220 240V\\n\\nCapacit\u00e9: 1.5 L\\n\\nPouvoir: 600w&quot;}\" data-sheets-userformat=\"{&quot;2&quot;:4737,&quot;3&quot;:{&quot;1&quot;:0},&quot;10&quot;:2,&quot;12&quot;:0,&quot;15&quot;:&quot;Arial&quot;}\"><strong>Puissance :<\/strong>\u00a01200 watts<\/span><\/li>\n<\/ul>\n<p>&nbsp;<\/p>\n","protected":false},"featured_media":9740,"comment_status":"closed","ping_status":"closed","template":"","meta":{"_bst_post_transparent":"","_bst_post_title":"","_bst_post_layout":"","_bst_post_sidebar_id":"","_bst_post_content_style":"","_bst_post_vertical_padding":"","_bst_post_feature":"","_bst_post_feature_position":"","_bst_post_header":false,"_bst_post_footer":false},"product_brand":[],"product_cat":[145,182],"product_tag":[],"product_brands":[],"class_list":{"0":"post-10001","1":"product","2":"type-product","3":"status-publish","4":"has-post-thumbnail","6":"product_cat-electromenager","7":"product_cat-mixeurs-blenders","9":"first","10":"instock","11":"purchasable","12":"product-type-simple","13":"entry","14":"content-bg","15":"loop-entry"},"_links":{"self":[{"href":"https:\/\/anopri.com\/index.php?rest_route=\/wp\/v2\/product\/10001","targetHints":{"allow":["GET"]}}],"collection":[{"href":"https:\/\/anopri.com\/index.php?rest_route=\/wp\/v2\/product"}],"about":[{"href":"https:\/\/anopri.com\/index.php?rest_route=\/wp\/v2\/types\/product"}],"replies":[{"embeddable":true,"href":"https:\/\/anopri.com\/index.php?rest_route=%2Fwp%2Fv2%2Fcomments&post=10001"}],"wp:featuredmedia":[{"embeddable":true,"href":"https:\/\/anopri.com\/index.php?rest_route=\/wp\/v2\/media\/9740"}],"wp:attachment":[{"href":"https:\/\/anopri.com\/index.php?rest_route=%2Fwp%2Fv2%2Fmedia&parent=10001"}],"wp:term":[{"taxonomy":"product_brand","embeddable":true,"href":"https:\/\/anopri.com\/index.php?rest_route=%2Fwp%2Fv2%2Fproduct_brand&post=10001"},{"taxonomy":"product_cat","embeddable":true,"href":"https:\/\/anopri.com\/index.php?rest_route=%2Fwp%2Fv2%2Fproduct_cat&post=10001"},{"taxonomy":"product_tag","embeddable":true,"href":"https:\/\/anopri.com\/index.php?rest_route=%2Fwp%2Fv2%2Fproduct_tag&post=10001"},{"taxonomy":"product_brands","embeddable":true,"href":"https:\/\/anopri.com\/index.php?rest_route=%2Fwp%2Fv2%2Fproduct_brands&post=10001"}],"curies":[{"name":"wp","href":"https:\/\/api.w.org\/{rel}","templated":true}]}}